000
CDUS45 KRIW 010739
CLIBPI


CLIMATE REPORT
NATIONAL WEATHER SERVICE RIVERTON WY
128 AM MDT WED APR 1 2015


...................................

...THE BIG PINEY WY CLIMATE SUMMARY FOR MARCH 31 2015...

CLIMATE NORMAL PERIOD 1981 TO 2010
CLIMATE RECORD PERIOD 1976 TO 2015


WEATHER ITEM   OBSERVED TIME   RECORD YEAR NORMAL DEPARTURE LAST
                VALUE   (LST)  VALUE       VALUE  FROM      YEAR
                                                  NORMAL
..................................................................
TEMPERATURE (F)
 YESTERDAY
  MAXIMUM         69R   259 PM  68    2012  48     21       45
  MINIMUM         18    603 AM   2    1988  19     -1       19
  AVERAGE         44                        33     11       32

PRECIPITATION (IN)
  YESTERDAY        0.00          2.30 1983   0.02  -0.02     0.00
  MONTH TO DATE    0.06                      0.44  -0.38     0.12
  SINCE MAR 1      0.06                      0.44  -0.38     0.12
  SINCE JAN 1      0.12                      1.10  -0.98     0.16

DEGREE DAYS
 HEATING
  YESTERDAY       21                        32    -11       33
  MONTH TO DATE  930                      1172   -242     1059
  SINCE MAR 1    930                      1172   -242     1059
  SINCE JUL 1   7030                      8695  -1665     8003

 COOLING
  YESTERDAY        0                         0      0        0
  MONTH TO DATE    0                         0      0        0
  SINCE MAR 1      0                         0      0        0
  SINCE JAN 1      0                         0      0        0
..................................................................


WIND (MPH)
  HIGHEST WIND SPEED    33   HIGHEST WIND DIRECTION     W (260)
  HIGHEST GUST SPEED    43   HIGHEST GUST DIRECTION     W (260)
  AVERAGE WIND SPEED    10.9


SKY COVER
  POSSIBLE SUNSHINE  MM
  AVERAGE SKY COVER 0.1


WEATHER CONDITIONS
 THE FOLLOWING WEATHER WAS RECORDED YESTERDAY.
  NO SIGNIFICANT WEATHER WAS OBSERVED.


RELATIVE HUMIDITY (PERCENT)
 HIGHEST    74           500 AM
 LOWEST     11           300 PM
 AVERAGE    43

..........................................................


THE BIG PINEY WY CLIMATE NORMALS FOR TODAY
                         NORMAL    RECORD    YEAR
 MAXIMUM TEMPERATURE (F)   48        61      2004
 MINIMUM TEMPERATURE (F)   19         2      2008


SUNRISE AND SUNSET
APRIL  1 2015.........SUNRISE   703 AM MDT   SUNSET   746 PM MDT
APRIL  2 2015.........SUNRISE   701 AM MDT   SUNSET   747 PM MDT


-  INDICATES NEGATIVE NUMBERS.
R  INDICATES RECORD WAS SET OR TIED.
MM INDICATES DATA IS MISSING.
T  INDICATES TRACE AMOUNT.




$$
