000
CDUS45 KRIW 190739
CLIBPI


CLIMATE REPORT
NATIONAL WEATHER SERVICE RIVERTON WY
139 AM MDT SUN APR 19 2015


...................................

...THE BIG PINEY WY CLIMATE SUMMARY FOR APRIL 18 2015...

CLIMATE NORMAL PERIOD 1981 TO 2010
CLIMATE RECORD PERIOD 1976 TO 2015


WEATHER ITEM   OBSERVED TIME   RECORD YEAR NORMAL DEPARTURE LAST
                VALUE   (LST)  VALUE       VALUE  FROM      YEAR
                                                  NORMAL
..................................................................
TEMPERATURE (F)
 YESTERDAY
  MAXIMUM         63    316 PM  73    1994  53     10       62
  MINIMUM         21    551 AM   2    2013  22     -1       22
  AVERAGE         42                        38      4       42

PRECIPITATION (IN)
  YESTERDAY        0.00          0.34 2000   0.01  -0.01      T
  MONTH TO DATE    0.12                      0.28  -0.16     0.02
  SINCE MAR 1      0.18                      0.72  -0.54     0.14
  SINCE JAN 1      0.24                      1.38  -1.14     0.18

DEGREE DAYS
 HEATING
  YESTERDAY       23                        27     -4       23
  MONTH TO DATE  534                       530      4      541
  SINCE MAR 1   1464                      1702   -238     1600
  SINCE JUL 1   7564                      9225  -1661     8544

 COOLING
  YESTERDAY        0                         0      0        0
  MONTH TO DATE    0                         0      0        0
  SINCE MAR 1      0                         0      0        0
  SINCE JAN 1      0                         0      0        0
..................................................................


WIND (MPH)
  HIGHEST WIND SPEED    28   HIGHEST WIND DIRECTION     N (350)
  HIGHEST GUST SPEED    35   HIGHEST GUST DIRECTION     N (350)
  AVERAGE WIND SPEED    10.9


SKY COVER
  POSSIBLE SUNSHINE  MM
  AVERAGE SKY COVER 0.3


WEATHER CONDITIONS
 THE FOLLOWING WEATHER WAS RECORDED YESTERDAY.
  NO SIGNIFICANT WEATHER WAS OBSERVED.


RELATIVE HUMIDITY (PERCENT)
 HIGHEST    92          1200 AM
 LOWEST     13           300 PM
 AVERAGE    53

..........................................................


THE BIG PINEY WY CLIMATE NORMALS FOR TODAY
                         NORMAL    RECORD    YEAR
 MAXIMUM TEMPERATURE (F)   54        70      1994
 MINIMUM TEMPERATURE (F)   23        12      2006
                                             1996
                                             1991


SUNRISE AND SUNSET
APRIL 19 2015.........SUNRISE   633 AM MDT   SUNSET   807 PM MDT
APRIL 20 2015.........SUNRISE   632 AM MDT   SUNSET   808 PM MDT


-  INDICATES NEGATIVE NUMBERS.
R  INDICATES RECORD WAS SET OR TIED.
MM INDICATES DATA IS MISSING.
T  INDICATES TRACE AMOUNT.




$$
