000
CDUS44 KLCH 030900
CLIBPT


CLIMATE REPORT
NATIONAL WEATHER SERVICE LAKE CHARLES, LA
359 AM CDT SUN MAY 3 2015


...................................

...THE BEAUMONT PORT ARTHUR CLIMATE SUMMARY FOR MAY 2 2015...

CLIMATE NORMAL PERIOD 1981 TO 2010
CLIMATE RECORD PERIOD 1901 TO 2015


WEATHER ITEM   OBSERVED TIME   RECORD YEAR NORMAL DEPARTURE LAST
                VALUE   (LST)  VALUE       VALUE  FROM      YEAR
                                                  NORMAL
..................................................................
TEMPERATURE (F)
 YESTERDAY
  MAXIMUM         85    145 PM  91    1964  82      3       80
                                      1946
                                      1943
  MINIMUM         59    623 AM  45    1903  64     -5       49
  AVERAGE         72                        73     -1       65

PRECIPITATION (IN)
  YESTERDAY        0.00          5.60 2000   0.15  -0.15     0.00
  MONTH TO DATE    0.00                      0.31  -0.31      T
  SINCE MAR 1     19.23                      7.05  12.18     4.31
  SINCE JAN 1     26.21                     15.89  10.32    11.03

SNOWFALL (IN)
  YESTERDAY        0.0           0.0    MM   0.0    0.0      0.0
  MONTH TO DATE    0.0                       0.0    0.0      0.0
  SINCE MAR 1      T                         0.0    0.0      0.0
  SINCE JUL 1      T                         T      0.0      0.3
  SNOW DEPTH       0

DEGREE DAYS
 HEATING
  YESTERDAY        0                         0      0        0
  MONTH TO DATE    0                         0      0        4
  SINCE MAR 1    105                       187    -82      245
  SINCE JUL 1   1362                      1400    -38     1714

 COOLING
  YESTERDAY        7                         8     -1        0
  MONTH TO DATE   14                        16     -2        0
  SINCE MAR 1    325                       217    108      177
  SINCE JAN 1    333                       243     90      201
..................................................................


WIND (MPH)
  HIGHEST WIND SPEED    MM   HIGHEST WIND DIRECTION    MM
  HIGHEST GUST SPEED    MM   HIGHEST GUST DIRECTION    MM
  AVERAGE WIND SPEED     6.8


SKY COVER
  POSSIBLE SUNSHINE  MM
  AVERAGE SKY COVER 0.2


WEATHER CONDITIONS
 THE FOLLOWING WEATHER WAS RECORDED YESTERDAY.
  NO SIGNIFICANT WEATHER WAS OBSERVED.


RELATIVE HUMIDITY (PERCENT)
 HIGHEST    97           300 AM
 LOWEST     34           200 PM
 AVERAGE    66

..........................................................


THE BEAUMONT PORT ARTHUR CLIMATE NORMALS FOR TODAY
                         NORMAL    RECORD    YEAR
 MAXIMUM TEMPERATURE (F)   82        93      1984
                                             1943
 MINIMUM TEMPERATURE (F)   64        46      2013


SUNRISE AND SUNSET
MAY  3 2015...........SUNRISE   632 AM CDT   SUNSET   755 PM CDT
MAY  4 2015...........SUNRISE   631 AM CDT   SUNSET   755 PM CDT


-  INDICATES NEGATIVE NUMBERS.
R  INDICATES RECORD WAS SET OR TIED.
MM INDICATES DATA IS MISSING.
T  INDICATES TRACE AMOUNT.




$$
