000
CDUS43 KDVN 270908
CLIBRL


CLIMATE REPORT
NATIONAL WEATHER SERVICE QUAD CITIES IA IL
407 AM CDT MON APR 27 2015


...................................

...THE BURLINGTON IA CLIMATE SUMMARY FOR APRIL 26 2015...

CLIMATE NORMAL PERIOD 1981 TO 2010
CLIMATE RECORD PERIOD 1897 TO 2015


WEATHER ITEM   OBSERVED TIME   RECORD YEAR NORMAL DEPARTURE LAST
                VALUE   (LST)  VALUE       VALUE  FROM      YEAR
                                                  NORMAL
..................................................................
TEMPERATURE (F)
 YESTERDAY
  MAXIMUM         61    346 PM  92    1986  68     -7       79
  MINIMUM         39    536 AM  31    1976  46     -7       47
                                      1950
  AVERAGE         50                        57     -7       63

PRECIPITATION (IN)
  YESTERDAY        0.00         MM      MM   0.14  -0.14      T
  MONTH TO DATE    1.60                      3.14  -1.54     2.58
  SINCE MAR 1      1.90                      5.93  -4.03     3.75
  SINCE JAN 1      4.32                      8.79  -4.47     8.12

DEGREE DAYS
 HEATING
  YESTERDAY       15                         9      6        2
  MONTH TO DATE  261                       326    -65      356
  SINCE MAR 1   1027                      1054    -27     1321
  SINCE JUL 1   5958                      5432    526     6644

 COOLING
  YESTERDAY        0                         1     -1        0
  MONTH TO DATE    3                        16    -13        8
  SINCE MAR 1      3                        18    -15        8
  SINCE JAN 1      3                        18    -15        8
..................................................................


WIND (MPH)
  HIGHEST WIND SPEED    16   HIGHEST WIND DIRECTION     N (20)
  HIGHEST GUST SPEED    23   HIGHEST GUST DIRECTION    NE (30)
  AVERAGE WIND SPEED     9.0


SKY COVER
  POSSIBLE SUNSHINE  MM
  AVERAGE SKY COVER 0.1


WEATHER CONDITIONS
 THE FOLLOWING WEATHER WAS RECORDED YESTERDAY.
  NO SIGNIFICANT WEATHER WAS OBSERVED.


RELATIVE HUMIDITY (PERCENT)
 HIGHEST    83          1200 AM
 LOWEST     36           300 PM
 AVERAGE    60

..........................................................


THE BURLINGTON IA CLIMATE NORMALS FOR TODAY
                         NORMAL    RECORD    YEAR
 MAXIMUM TEMPERATURE (F)   69        87      1956
 MINIMUM TEMPERATURE (F)   47        30      1953


SUNRISE AND SUNSET
APRIL 27 2015.........SUNRISE   609 AM CDT   SUNSET   756 PM CDT
APRIL 28 2015.........SUNRISE   607 AM CDT   SUNSET   757 PM CDT


-  INDICATES NEGATIVE NUMBERS.
R  INDICATES RECORD WAS SET OR TIED.
MM INDICATES DATA IS MISSING.
T  INDICATES TRACE AMOUNT.




$$
