000
CDUS43 KGRR 181340
CLIBTL


CLIMATE REPORT
NATIONAL WEATHER SERVICE GRAND RAPIDS, MI
939 AM EDT SAT APR 18 2015


...................................

...THE BATTLE CREEK MI CLIMATE SUMMARY FOR APRIL 18 2015...
VALID AS OF 0900 AM LOCAL TIME.

CLIMATE NORMAL PERIOD 1981 TO 2010
CLIMATE RECORD PERIOD 1998 TO 2015


WEATHER ITEM   OBSERVED TIME   NORMAL DEPARTURE LAST
                VALUE   (LST)  VALUE  FROM      YEAR
                                      NORMAL
......................................................
TEMPERATURE (F)
 TODAY
  MAXIMUM         62    759 AM  61      1       63
  MINIMUM         48    307 AM  37     11       40
  AVERAGE         55            49      6       52

PRECIPITATION (IN)
  TODAY            0.00          0.11  -0.11     0.04
  MONTH TO DATE    0.68          1.66  -0.98     1.42
  SINCE MAR 1      0.95          3.57  -2.62     2.38
  SINCE JAN 1      1.96          6.57  -4.61     3.91

DEGREE DAYS
 HEATING
  TODAY           10            16     -6       13
  MONTH TO DATE  262           347    -85      362
  SINCE MAR 1   1220          1257    -37     1531
  SINCE JUL 1   6425          6222    203     6985

 COOLING
  TODAY            0             0      0        0
  MONTH TO DATE    0             0      0        0
  SINCE MAR 1      0             0      0        0
  SINCE JAN 1      0             0      0        0
......................................................


WIND (MPH)
  RESULTANT WIND SPEED   2   RESULTANT WIND DIRECTION  SW (220)
  HIGHEST WIND SPEED     8   HIGHEST WIND DIRECTION    SW (210)
  HIGHEST GUST SPEED     9   HIGHEST GUST DIRECTION    SW (210)
  AVERAGE WIND SPEED     2.4


SKY COVER
  AVERAGE SKY COVER 0.1


WEATHER CONDITIONS
 THE FOLLOWING WEATHER WAS RECORDED TODAY.
  NO SIGNIFICANT WEATHER WAS OBSERVED.


RELATIVE HUMIDITY (PERCENT)
 HIGHEST    77           700 AM
 LOWEST     56           800 AM
 AVERAGE    67

..........................................................


THE BATTLE CREEK MI CLIMATE NORMALS FOR TOMORROW
                         NORMAL
 MAXIMUM TEMPERATURE (F)   62
 MINIMUM TEMPERATURE (F)   37


SUNRISE AND SUNSET
APRIL 18 2015.........SUNRISE   656 AM EDT   SUNSET   826 PM EDT
APRIL 19 2015.........SUNRISE   654 AM EDT   SUNSET   827 PM EDT


-  INDICATES NEGATIVE NUMBERS.
R  INDICATES RECORD WAS SET OR TIED.
MM INDICATES DATA IS MISSING.
T  INDICATES TRACE AMOUNT.




$$

JAM
