000
CDUS43 KLMK 280632
CLIBWG


CLIMATE REPORT
NATIONAL WEATHER SERVICE LOUISVILLE KY
231 AM EDT TUE APR 28 2015


...................................

...THE BOWLING GREEN KY CLIMATE SUMMARY FOR APRIL 27 2015...

CLIMATE NORMAL PERIOD 1981 TO 2010
CLIMATE RECORD PERIOD 1870 TO 2015


WEATHER ITEM   OBSERVED TIME   RECORD YEAR NORMAL DEPARTURE LAST
                VALUE   (LST)  VALUE       VALUE  FROM      YEAR
                                                  NORMAL
..................................................................
TEMPERATURE (F)
 YESTERDAY
  MAXIMUM         67    416 PM  90    1989  73     -6       80
  MINIMUM         44    529 AM  31    1946  49     -5       49
  AVERAGE         56                        61     -5       65

PRECIPITATION (IN)
  YESTERDAY        0.00          2.43 2011   0.16  -0.16     0.61
  MONTH TO DATE    9.08                      3.87   5.21     4.02
  SINCE MAR 1     15.35                      8.28   7.07     7.75
  SINCE JAN 1     21.23                     15.85   5.38    14.92

SNOWFALL (IN)
  YESTERDAY        0.0           0.0    MM   0.0    0.0      0.0
  MONTH TO DATE    0.0                       0.2   -0.2       T
  SINCE MAR 1      7.2                       1.3    5.9      5.1
  SINCE JUL 1     23.5                       9.1   14.4     10.4
  SNOW DEPTH       0

DEGREE DAYS
 HEATING
  YESTERDAY        9                         5      4        0
  MONTH TO DATE  145                       236    -91      189
  SINCE MAR 1    685                       756    -71      842
  SINCE JUL 1   4220                      3954    266     4451

 COOLING
  YESTERDAY        0                         1     -1        0
  MONTH TO DATE   35                        26      9       12
  SINCE MAR 1     35                        31      4       12
  SINCE JAN 1     35                        31      4       12
..................................................................


WIND (MPH)
  HIGHEST WIND SPEED    14   HIGHEST WIND DIRECTION    NE (40)
  HIGHEST GUST SPEED    19   HIGHEST GUST DIRECTION     N (20)
  AVERAGE WIND SPEED     4.6


SKY COVER
  POSSIBLE SUNSHINE  MM
  AVERAGE SKY COVER 0.0


WEATHER CONDITIONS
 THE FOLLOWING WEATHER WAS RECORDED YESTERDAY.
  NO SIGNIFICANT WEATHER WAS OBSERVED.


RELATIVE HUMIDITY (PERCENT)
 HIGHEST    70           300 AM
 LOWEST     31           500 PM
 AVERAGE    51

..........................................................


THE BOWLING GREEN KY CLIMATE NORMALS FOR TODAY
                         NORMAL    RECORD    YEAR
 MAXIMUM TEMPERATURE (F)   73        91      1906
 MINIMUM TEMPERATURE (F)   50        33      1934


SUNRISE AND SUNSET
APRIL 28 2015.........SUNRISE   555 AM CDT   SUNSET   732 PM CDT
APRIL 29 2015.........SUNRISE   554 AM CDT   SUNSET   733 PM CDT


-  INDICATES NEGATIVE NUMBERS.
R  INDICATES RECORD WAS SET OR TIED.
MM INDICATES DATA IS MISSING.
T  INDICATES TRACE AMOUNT.




$$
