000
CDUS45 KCYS 280728
CLICDR


CLIMATE REPORT
NATIONAL WEATHER SERVICE CHEYENNE WY
128 AM MDT TUE APR 28 2015


...................................

...THE CHADRON NE AIRPORT CLIMATE SUMMARY FOR APRIL 27 2015...

CLIMATE NORMAL PERIOD 1981 TO 2010
CLIMATE RECORD PERIOD 1895 TO 2015


WEATHER ITEM   OBSERVED TIME   RECORD YEAR NORMAL DEPARTURE LAST
                VALUE   (LST)  VALUE       VALUE  FROM      YEAR
                                                  NORMAL
..................................................................
TEMPERATURE (F)
 YESTERDAY
  MAXIMUM         57    142 PM  88    1952  64     -7       55
  MINIMUM         41    101 AM  19    1994  34      7       33
  AVERAGE         49                        49      0       44

PRECIPITATION (IN)
  YESTERDAY        0.00          1.44 1975   0.09  -0.09     1.14
  MONTH TO DATE    1.43                      1.71  -0.28     2.18
  SINCE JAN 1      2.62                      3.91  -1.29     3.76

DEGREE DAYS
 HEATING
  YESTERDAY       16                        16      0       21
  MONTH TO DATE  512                       559    -47      475
  SINCE MAR 1   1189                      1464   -275     1373
  SINCE JUL 1   6134                      6716   -582     6847

 COOLING
  YESTERDAY        0                         0      0        0
  MONTH TO DATE    0                         0      0        1
  SINCE MAR 1      0                         0      0        1
  SINCE JAN 1      0                         0      0        1
..................................................................


WIND (MPH)
  HIGHEST WIND SPEED    17   HIGHEST WIND DIRECTION     W (290)
  HIGHEST GUST SPEED    24   HIGHEST GUST DIRECTION    NE (40)
  AVERAGE WIND SPEED     5.8


SKY COVER
  AVERAGE SKY COVER 0.8


WEATHER CONDITIONS
 THE FOLLOWING WEATHER WAS RECORDED YESTERDAY.
  FOG
  HAZE


RELATIVE HUMIDITY (PERCENT)
 HIGHEST    93           100 AM
 LOWEST     66           100 PM
 AVERAGE    80

..........................................................


THE CHADRON NE AIRPORT CLIMATE NORMALS FOR TODAY
                         NORMAL    RECORD    YEAR
 MAXIMUM TEMPERATURE (F)   65        85      2001
 MINIMUM TEMPERATURE (F)   34        19      1994


SUNRISE AND SUNSET
APRIL 28 2015.........SUNRISE   551 AM MDT   SUNSET   749 PM MDT
APRIL 29 2015.........SUNRISE   550 AM MDT   SUNSET   751 PM MDT


-  INDICATES NEGATIVE NUMBERS.
R  INDICATES RECORD WAS SET OR TIED.
MM INDICATES DATA IS MISSING.
T  INDICATES TRACE AMOUNT.




$$
