000
CDUS46 KEKA 051210
CLICEC


CLIMATE REPORT
NATIONAL WEATHER SERVICE EUREKA CA
509 AM PDT TUE MAY 5 2015


...................................

...THE CRESCENT CITY CA CLIMATE SUMMARY FOR MAY 4 2015...

CLIMATE NORMAL PERIOD 1981 TO 2010
CLIMATE RECORD PERIOD 1894 TO 2015


WEATHER ITEM   OBSERVED TIME   RECORD YEAR NORMAL DEPARTURE LAST
                VALUE   (LST)  VALUE       VALUE  FROM      YEAR
                                                  NORMAL
..................................................................
TEMPERATURE (F)
 YESTERDAY
  MAXIMUM         57    317 PM  88    2013  56      1       59
  MINIMUM         46   1159 PM  35    1985  46      0       50
  AVERAGE         52                        51      1       55

PRECIPITATION (IN)
  YESTERDAY        0.00          1.58 1994   0.12  -0.12     0.40
  MONTH TO DATE    0.00                      0.47  -0.47     0.43
  SINCE OCT 1     41.20                     58.04 -16.84    25.64
  SINCE JAN 1     20.37                     32.80 -12.43    21.70

SNOWFALL (IN)
  YESTERDAY        0.0          MM      MM  MM     MM        0.0
  MONTH TO DATE    0.0                      MM     MM        0.0
  SINCE MAR 1      0.0                      MM     MM        0.0
  SINCE JUL 1      0.0                      MM     MM        0.0
  SNOW DEPTH       0

DEGREE DAYS
 HEATING
  YESTERDAY       13                        14     -1       10
  MONTH TO DATE   57                        56      1       29
  SINCE MAR 1    933                      1040   -107      888
  SINCE JUL 1   3154                      4213  -1059     4054

 COOLING
  YESTERDAY        0                         0      0        0
  MONTH TO DATE    0                         0      0        0
  SINCE MAR 1      0                         0      0        0
  SINCE JAN 1      0                         0      0        0
..................................................................


WIND (MPH)
  HIGHEST WIND SPEED    15   HIGHEST WIND DIRECTION    NW (320)
  HIGHEST GUST SPEED    20   HIGHEST GUST DIRECTION    NW (310)
  AVERAGE WIND SPEED     7.9


SKY COVER
  AVERAGE SKY COVER 0.5


WEATHER CONDITIONS
 THE FOLLOWING WEATHER WAS RECORDED YESTERDAY.
  FOG


RELATIVE HUMIDITY (PERCENT)
 HIGHEST    93
 LOWEST     71
 AVERAGE    82

..........................................................


THE CRESCENT CITY CA CLIMATE NORMALS FOR TODAY
                         NORMAL    RECORD    YEAR
 MAXIMUM TEMPERATURE (F)   56        74      1982
 MINIMUM TEMPERATURE (F)   46        35      1965


SUNRISE AND SUNSET
MAY  5 2015...........SUNRISE   608 AM PDT   SUNSET   819 PM PDT
MAY  6 2015...........SUNRISE   607 AM PDT   SUNSET   821 PM PDT


-  INDICATES NEGATIVE NUMBERS.
R  INDICATES RECORD WAS SET OR TIED.
MM INDICATES DATA IS MISSING.
T  INDICATES TRACE AMOUNT.




$$
