000
CDUS43 KPAH 050628
CLICGI


CLIMATE REPORT
NATIONAL WEATHER SERVICE PADUCAH KY
127 AM CDT TUE MAY 5 2015

...................................

...THE CAPE GIRARDEAU MO CLIMATE SUMMARY FOR MAY 4 2015...

CLIMATE NORMAL PERIOD 1981 TO 2010
CLIMATE RECORD PERIOD 1960 TO 2015

WEATHER ITEM   OBSERVED TIME   RECORD YEAR NORMAL DEPARTURE LAST
                VALUE   (LST)  VALUE       VALUE  FROM      YEAR
                                                  NORMAL
..................................................................
TEMPERATURE (F)
 YESTERDAY
  MAXIMUM         87    213 PM  89    2012  74     13       85
  MINIMUM         59   1154 PM  34    1976  52      7       50
  AVERAGE         73                        63     10

PRECIPITATION (IN)
  YESTERDAY        0.00          2.39 2003   0.19  -0.19     0.00
  MONTH TO DATE    0.00                      0.77  -0.77     0.00
  SINCE MAR 1     12.96                      9.53   3.43    10.32
  SINCE JAN 1     19.48                     16.41   3.07    13.46

DEGREE DAYS
 HEATING
  YESTERDAY        0                         4     -4        0
  MONTH TO DATE   17                        16      1       28
  SINCE MAR 1    794                       837    -43      966
  SINCE JUL 1   4572                      4334    238     4891

 COOLING
  YESTERDAY        8                         2      6        3
  MONTH TO DATE   10                         8      2        3
  SINCE MAR 1     38                        39     -1       14
  SINCE JAN 1     38                        39     -1       14
..................................................................

WIND (MPH)
  HIGHEST WIND SPEED    21   HIGHEST WIND DIRECTION    SW (210)
  HIGHEST GUST SPEED    28   HIGHEST GUST DIRECTION    SW (210)
  AVERAGE WIND SPEED     9.2

SKY COVER
  AVERAGE SKY COVER 0.0

WEATHER CONDITIONS
 THE FOLLOWING WEATHER WAS RECORDED YESTERDAY.
  NO SIGNIFICANT WEATHER WAS OBSERVED.

RELATIVE HUMIDITY (PERCENT)
 HIGHEST    72
 LOWEST     32
 AVERAGE    52
..........................................................

THE CAPE GIRARDEAU MO CLIMATE NORMALS FOR TODAY
                         NORMAL    RECORD    YEAR
 MAXIMUM TEMPERATURE (F)   75        91      2012
 MINIMUM TEMPERATURE (F)   52        39      2005

SUNRISE AND SUNSET
MAY  5 2015...........SUNRISE   559 AM CDT   SUNSET   751 PM CDT
MAY  6 2015...........SUNRISE   558 AM CDT   SUNSET   752 PM CDT

-  INDICATES NEGATIVE NUMBERS.
R  INDICATES RECORD WAS SET OR TIED.
MM INDICATES DATA IS MISSING.
T  INDICATES TRACE AMOUNT.

$$
