000
CDUS44 KMRX 012131
CLICHA

CLIMATE REPORT
NATIONAL WEATHER SERVICE MORRISTOWN TN
529 PM EDT WED APR 1 2015


...................................

...THE CHATTANOOGA CLIMATE SUMMARY FOR APRIL 1 2015... VALID TODAY
AS OF 0500 PM LOCAL TIME.

CLIMATE NORMAL PERIOD 1981 TO 2010
CLIMATE RECORD PERIOD 1879 TO 2015


WEATHER ITEM   OBSERVED TIME   RECORD YEAR NORMAL DEPARTURE LAST
                VALUE   (LST)  VALUE       VALUE  FROM      YEAR
                                                  NORMAL
..................................................................
TEMPERATURE (F)
 TODAY
  MAXIMUM         78    359 PM  86    1940  69      9       84
  MINIMUM         53    617 AM  26    1987  44      9       48
                                      1923
                                      1881
  AVERAGE         66                        57      9       66

PRECIPITATION (IN)
  TODAY            0.00          4.53 1920   0.15  -0.15      T
  MONTH TO DATE    0.00                      0.15  -0.15      T
  SINCE MAR 1      4.17                      5.13  -0.96     2.38
  SINCE JAN 1     11.16                     14.88  -3.72     9.97

SNOWFALL (IN)
  TODAY            0.0                       0.0    0.0      0.0
  MONTH TO DATE    0.0                       0.0    0.0      0.0
  SINCE MAR 1      0.0                       1.2   -1.2       T
  SINCE JUL 1      9.5                       3.8    5.7      8.4
  SNOW DEPTH       0

DEGREE DAYS
 HEATING
  TODAY            0                         9     -9        0
  MONTH TO DATE    0                         9     -9        0
  SINCE MAR 1    319                       413    -94      435
  SINCE JUL 1   3152                      3035    117     3229

 COOLING
  TODAY            1                         1      0        1
  MONTH TO DATE    1                         1      0        1
  SINCE MAR 1      3                         8     -5        1
  SINCE JAN 1      3                         8     -5        1
..................................................................


WIND (MPH)
  HIGHEST WIND SPEED    16   HIGHEST WIND DIRECTION     N (10)
  HIGHEST GUST SPEED    20   HIGHEST GUST DIRECTION     N (10)
  AVERAGE WIND SPEED     4.3


SKY COVER
  POSSIBLE SUNSHINE  MM
  AVERAGE SKY COVER 0.4


WEATHER CONDITIONS
 THE FOLLOWING WEATHER WAS RECORDED TODAY.
  NO SIGNIFICANT WEATHER WAS OBSERVED.


RELATIVE HUMIDITY (PERCENT)
 HIGHEST    93           300 AM
 LOWEST     20           300 PM
 AVERAGE    57

..........................................................


THE CHATTANOOGA CLIMATE NORMALS FOR TOMORROW
                         NORMAL    RECORD    YEAR
 MAXIMUM TEMPERATURE (F)   69        88      2012
                                             1940
 MINIMUM TEMPERATURE (F)   45        25      1881


SUNRISE AND SUNSET
APRIL  1 2015.........SUNRISE   728 AM EDT   SUNSET   802 PM EDT
APRIL  2 2015.........SUNRISE   727 AM EDT   SUNSET   803 PM EDT


-  INDICATES NEGATIVE NUMBERS.
R  INDICATES RECORD WAS SET OR TIED.
MM INDICATES DATA IS MISSING.
T  INDICATES TRACE AMOUNT.




$$
