000
CDUS45 KPUB 261056
CLICOS


CLIMATE REPORT
NATIONAL WEATHER SERVICE PUEBLO
456 AM MDT SUN APR 26 2015


...................................

...THE COLORADO SPRINGS CO CLIMATE SUMMARY FOR APRIL 25 2015...

CLIMATE NORMAL PERIOD 1981 TO 2010
CLIMATE RECORD PERIOD 1872 TO 2015


WEATHER ITEM   OBSERVED TIME   RECORD YEAR NORMAL DEPARTURE LAST
                VALUE   (LST)  VALUE       VALUE  FROM      YEAR
                                                  NORMAL
..................................................................
TEMPERATURE (F)
 YESTERDAY
  MAXIMUM         67   1239 PM  81    2012  63      4       73
                                      1981
                                      1949
  MINIMUM         39    123 AM  20    1924  36      3       38
                                      1907
  AVERAGE         53                        49      4       56

PRECIPITATION (IN)
  YESTERDAY        T             0.70 1922   0.06  -0.06     0.00
  MONTH TO DATE    0.74                      1.12  -0.38     0.90
  SINCE MAR 1      1.55                      2.12  -0.57     1.32
  SINCE JAN 1      3.87                      2.78   1.09     2.21

SNOWFALL (IN)
  YESTERDAY        0.0           1.5  1908   0.1   -0.1      0.0
  MONTH TO DATE    1.7                       4.3   -2.6      7.5
  SINCE MAR 1      5.6                      12.4   -6.8     10.3
  SINCE JUL 1     46.5                      36.4   10.1     34.4
  SNOW DEPTH       0

DEGREE DAYS
 HEATING
  YESTERDAY       12                        16     -4        9
  MONTH TO DATE  412                       480    -68      427
  SINCE MAR 1   1081                      1285   -204     1208
  SINCE JUL 1   5302                      5848   -546     5695

 COOLING
  YESTERDAY        0                         0      0        0
  MONTH TO DATE    0                         0      0        0
  SINCE MAR 1      0                         0      0        0
  SINCE JAN 1      0                         0      0        0
..................................................................


WIND (MPH)
  HIGHEST WIND SPEED    28   HIGHEST WIND DIRECTION     S (160)
  HIGHEST GUST SPEED    38   HIGHEST GUST DIRECTION     S (160)
  AVERAGE WIND SPEED     8.4


SKY COVER
  POSSIBLE SUNSHINE  MM
  AVERAGE SKY COVER 0.6


WEATHER CONDITIONS
 THE FOLLOWING WEATHER WAS RECORDED YESTERDAY.
  THUNDERSTORM
  LIGHT RAIN


RELATIVE HUMIDITY (PERCENT)
 HIGHEST    49          1200 AM
 LOWEST     18          1100 AM
 AVERAGE    34

..........................................................


THE COLORADO SPRINGS CO CLIMATE NORMALS FOR TODAY
                         NORMAL    RECORD    YEAR
 MAXIMUM TEMPERATURE (F)   63        83      1981
 MINIMUM TEMPERATURE (F)   36        18      1924


SUNRISE AND SUNSET
APRIL 26 2015.........SUNRISE   608 AM MDT   SUNSET   746 PM MDT
APRIL 27 2015.........SUNRISE   606 AM MDT   SUNSET   747 PM MDT


-  INDICATES NEGATIVE NUMBERS.
R  INDICATES RECORD WAS SET OR TIED.
MM INDICATES DATA IS MISSING.
T  INDICATES TRACE AMOUNT.




$$
