000
CDUS43 KLSX 270745
CLICOU


CLIMATE REPORT
NATIONAL WEATHER SERVICE ST LOUIS MO
245 AM CDT MON APR 27 2015


...................................

...THE COLUMBIA ASOS CLIMATE SUMMARY FOR APRIL 26 2015...

CLIMATE NORMAL PERIOD 1981 TO 2010
CLIMATE RECORD PERIOD 1890 TO 2015


WEATHER ITEM   OBSERVED TIME   RECORD YEAR NORMAL DEPARTURE LAST
                VALUE   (LST)  VALUE       VALUE  FROM      YEAR
                                                  NORMAL
..................................................................
TEMPERATURE (F)
 YESTERDAY
  MAXIMUM         63    341 PM  89    1989  69     -6       77
  MINIMUM         45   1159 PM  30    1903  48     -3       52
  AVERAGE         54                        58     -4       65

PRECIPITATION (IN)
  YESTERDAY        T             1.66 1944   0.17  -0.17     0.02
  MONTH TO DATE    3.29                      3.81  -0.52     7.54
  SINCE MAR 1      4.83                      6.72  -1.89     8.77
  SINCE JAN 1      7.18                     10.89  -3.71    11.03

SNOWFALL (IN)
  YESTERDAY       MM             0.0  2014   0.0   MM        0.0
  MONTH TO DATE    0.0                       0.2   -0.2       T
  SINCE MAR 1      1.6                       1.9   -0.3      0.5
  SINCE JUL 1     12.0                      18.0   -6.0     17.8
  SNOW DEPTH       0

DEGREE DAYS
 HEATING
  YESTERDAY       11                         8      3        0
  MONTH TO DATE  189                       292   -103      265
  SINCE MAR 1    774                       928   -154      995
  SINCE JUL 1   4829                      4874    -45     5424

 COOLING
  YESTERDAY        0                         1     -1        0
  MONTH TO DATE   15                        19     -4        9
  SINCE MAR 1     15                        22     -7        9
  SINCE JAN 1     15                        22     -7        9
..................................................................


WIND (MPH)
  HIGHEST WIND SPEED    21   HIGHEST WIND DIRECTION    NE (40)
  HIGHEST GUST SPEED    26   HIGHEST GUST DIRECTION    NE (60)
  AVERAGE WIND SPEED    11.2


SKY COVER
  AVERAGE SKY COVER 0.4


WEATHER CONDITIONS
 THE FOLLOWING WEATHER WAS RECORDED YESTERDAY.
  LIGHT RAIN
  FOG
  HAZE


RELATIVE HUMIDITY (PERCENT)
 HIGHEST    93
 LOWEST     39
 AVERAGE    66

..........................................................


THE COLUMBIA ASOS CLIMATE NORMALS FOR TODAY
                         NORMAL    RECORD    YEAR
 MAXIMUM TEMPERATURE (F)   70        90      1956
                                             1896
 MINIMUM TEMPERATURE (F)   48        30      1967


SUNRISE AND SUNSET
APRIL 27 2015.........SUNRISE   616 AM CDT   SUNSET   757 PM CDT
APRIL 28 2015.........SUNRISE   615 AM CDT   SUNSET   758 PM CDT


-  INDICATES NEGATIVE NUMBERS.
R  INDICATES RECORD WAS SET OR TIED.
MM INDICATES DATA IS MISSING.
T  INDICATES TRACE AMOUNT.




$$
