000
CDUS45 KRIW 040740
CLICPR


CLIMATE REPORT
NATIONAL WEATHER SERVICE RIVERTON WY
129 AM MDT MON MAY 4 2015


...................................

...THE CASPER WY CLIMATE SUMMARY FOR MAY 3 2015...

CLIMATE NORMAL PERIOD 1981 TO 2010
CLIMATE RECORD PERIOD 1939 TO 2015


WEATHER ITEM   OBSERVED TIME   RECORD YEAR NORMAL DEPARTURE LAST
                VALUE   (LST)  VALUE       VALUE  FROM      YEAR
                                                  NORMAL
..................................................................
TEMPERATURE (F)
 YESTERDAY
  MAXIMUM         68    358 PM  83    1952  63      5       80
                                      1947
  MINIMUM         38    514 AM  17    1954  33      5       37
  AVERAGE         53                        48      5       59

PRECIPITATION (IN)
  YESTERDAY        0.03          0.93 1959   0.06  -0.03     0.00
  MONTH TO DATE    0.03                      0.18  -0.15     0.00
  SINCE MAR 1      2.33                      2.29   0.04     2.79
  SINCE JAN 1      3.64                      3.37   0.27     4.27

SNOWFALL (IN)
  YESTERDAY        0.0                       0.2   -0.2      0.0
  MONTH TO DATE    0.0                       0.6   -0.6      0.0
  SINCE MAR 1     14.0                      23.1   -9.1     24.5
  SINCE JUL 1     65.4                      72.5   -7.1     90.7
  SNOW DEPTH       0

DEGREE DAYS
 HEATING
  YESTERDAY       12                        17     -5        6
  MONTH TO DATE   37                        52    -15       39
  SINCE MAR 1   1438                      1646   -208     1611
  SINCE JUL 1   6489                      7094   -605     7375

 COOLING
  YESTERDAY        0                         0      0        0
  MONTH TO DATE    0                         0      0        0
  SINCE MAR 1      0                         0      0        0
  SINCE JAN 1      0                         0      0        0
..................................................................


WIND (MPH)
  HIGHEST WIND SPEED    32   HIGHEST WIND DIRECTION     S (190)
  HIGHEST GUST SPEED    43   HIGHEST GUST DIRECTION     S (190)
  AVERAGE WIND SPEED     6.3


SKY COVER
  POSSIBLE SUNSHINE  MM
  AVERAGE SKY COVER 0.2


WEATHER CONDITIONS
 THE FOLLOWING WEATHER WAS RECORDED YESTERDAY.
  THUNDERSTORM
  LIGHT RAIN


RELATIVE HUMIDITY (PERCENT)
 HIGHEST    93           900 PM
 LOWEST     31           300 PM
 AVERAGE    62

..........................................................


THE CASPER WY CLIMATE NORMALS FOR TODAY
                         NORMAL    RECORD    YEAR
 MAXIMUM TEMPERATURE (F)   63        85      2000
 MINIMUM TEMPERATURE (F)   34        24      1950


SUNRISE AND SUNSET
MAY  4 2015...........SUNRISE   556 AM MDT   SUNSET   810 PM MDT
MAY  5 2015...........SUNRISE   555 AM MDT   SUNSET   811 PM MDT


-  INDICATES NEGATIVE NUMBERS.
R  INDICATES RECORD WAS SET OR TIED.
MM INDICATES DATA IS MISSING.
T  INDICATES TRACE AMOUNT.




$$
