000
CDUS42 KILM 260841
CLICRE


CLIMATE REPORT
NATIONAL WEATHER SERVICE WILMINGTON NC
441 AM EDT SUN APR 26 2015


...................................

...THE NORTH MYRTLE BEACH SC CLIMATE SUMMARY FOR APRIL 25 2015...

CLIMATE NORMAL PERIOD 1981 TO 2010
CLIMATE RECORD PERIOD 1949 TO 2015


WEATHER ITEM   OBSERVED TIME   RECORD YEAR NORMAL DEPARTURE LAST
                VALUE   (LST)  VALUE       VALUE  FROM      YEAR
                                                  NORMAL
..................................................................
TEMPERATURE (F)
 YESTERDAY
  MAXIMUM         70    232 PM  84    2006  74     -4       74
                                      1990
  MINIMUM         52    334 AM  41    1993  55     -3       57
  AVERAGE         61                        64     -3       66

PRECIPITATION (IN)
  YESTERDAY        0.03                      0.08  -0.05      T
  MONTH TO DATE    2.95                      2.51   0.44     1.98
  SINCE MAR 1      5.38                      6.43  -1.05     6.72
  SINCE JAN 1     12.57                     13.54  -0.97    10.84

SNOWFALL (IN)
  YESTERDAY       MM
  MONTH TO DATE   MM
  SINCE MAR 1     MM
  SINCE JUL 1     MM
  SNOW DEPTH      MM

DEGREE DAYS
 HEATING
  YESTERDAY        4                         3      1        0
  MONTH TO DATE   38                       129    -91      105
  SINCE MAR 1    338                       467   -129      553
  SINCE JUL 1   2393                      2411    -18     2577

 COOLING
  YESTERDAY        0                         2     -2        1
  MONTH TO DATE   45                        27     18       17
  SINCE MAR 1     52                        30     22       17
  SINCE JAN 1     53                        30     23       17
..................................................................


WIND (MPH)
  HIGHEST WIND SPEED    20   HIGHEST WIND DIRECTION    SW (210)
  HIGHEST GUST SPEED    24   HIGHEST GUST DIRECTION    SW (220)
  AVERAGE WIND SPEED     7.5


SKY COVER
  POSSIBLE SUNSHINE  MM
  AVERAGE SKY COVER 0.6


WEATHER CONDITIONS
 THE FOLLOWING WEATHER WAS RECORDED YESTERDAY.
  LIGHT RAIN
  FOG


RELATIVE HUMIDITY (PERCENT)
 HIGHEST    93           800 PM
 LOWEST     67           900 AM
 AVERAGE    80

..........................................................


THE NORTH MYRTLE BEACH SC CLIMATE NORMALS FOR TODAY
                         NORMAL    RECORD    YEAR
 MAXIMUM TEMPERATURE (F)   74        92      1990
 MINIMUM TEMPERATURE (F)   55        42      2001


SUNRISE AND SUNSET
APRIL 26 2015.........SUNRISE   632 AM EDT   SUNSET   754 PM EDT
APRIL 27 2015.........SUNRISE   630 AM EDT   SUNSET   755 PM EDT


-  INDICATES NEGATIVE NUMBERS.
R  INDICATES RECORD WAS SET OR TIED.
MM INDICATES DATA IS MISSING.
T  INDICATES TRACE AMOUNT.




$$
