000
CDUS41 KRLX 190717
CLICRW


CLIMATE REPORT
NATIONAL WEATHER SERVICE CHARLESTON WV
315 AM EDT SUN APR 19 2015


...................................

...THE CHARLESTON WV CLIMATE SUMMARY FOR APRIL 18 2015...

CLIMATE NORMAL PERIOD 1981 TO 2010
CLIMATE RECORD PERIOD 1901 TO 2015


WEATHER ITEM   OBSERVED TIME   RECORD YEAR NORMAL DEPARTURE LAST
                VALUE   (LST)  VALUE       VALUE  FROM      YEAR
                                                  NORMAL
..................................................................
TEMPERATURE (F)
 YESTERDAY
  MAXIMUM         82    341 PM  90    1976  69     13       72
  MINIMUM         51    650 AM  26    1983  45      6       47
  AVERAGE         67                        57     10       60

PRECIPITATION (IN)
  YESTERDAY        0.00          1.31 1892   0.10  -0.10     0.00
  MONTH TO DATE    5.01                      1.86   3.15     1.47
  SINCE JAN 1     15.98                     11.96   4.02    12.23

SNOWFALL (IN)
  YESTERDAY        0.0
  MONTH TO DATE    0.0
  SINCE SEP 1     29.1
  SNOW DEPTH       0

DEGREE DAYS
 HEATING
  YESTERDAY        0                         9     -9        5
  MONTH TO DATE  118                       204    -86      149
  SINCE MAR 1    731                       804    -73      867
  SINCE JUL 1   4636                      4258    378     4634

 COOLING
  YESTERDAY        2                         1      1        0
  MONTH TO DATE   15                        17     -2       15
  SINCE MAR 1     15                        22     -7       15
  SINCE JAN 1     15                        22     -7       15
..................................................................


WIND (MPH)
  HIGHEST WIND SPEED    12   HIGHEST WIND DIRECTION     N (10)
  HIGHEST GUST SPEED    16   HIGHEST GUST DIRECTION     N (10)
  AVERAGE WIND SPEED     2.8


SKY COVER
  POSSIBLE SUNSHINE  MM
  AVERAGE SKY COVER 0.3


WEATHER CONDITIONS
 THE FOLLOWING WEATHER WAS RECORDED YESTERDAY.
  FOG


RELATIVE HUMIDITY (PERCENT)
 HIGHEST   100           600 AM
 LOWEST     28           300 PM
 AVERAGE    64

..........................................................


THE CHARLESTON WV CLIMATE NORMALS FOR TODAY
                         NORMAL    RECORD    YEAR
 MAXIMUM TEMPERATURE (F)   69        91      1941
 MINIMUM TEMPERATURE (F)   46        26      1983


SUNRISE AND SUNSET
APRIL 19 2015.........SUNRISE   645 AM EDT   SUNSET   806 PM EDT
APRIL 20 2015.........SUNRISE   644 AM EDT   SUNSET   807 PM EDT


-  INDICATES NEGATIVE NUMBERS.
R  INDICATES RECORD WAS SET OR TIED.
MM INDICATES DATA IS MISSING.
T  INDICATES TRACE AMOUNT.




$$
