000
CDUS42 KTAE 030643
CLICTY


CLIMATE REPORT
NATIONAL WEATHER SERVICE TALLAHASSEE FL
242 AM EDT SUN MAY 3 2015


...................................

...THE CROSS CITY  CLIMATE SUMMARY FOR MAY 2 2015...

CLIMATE NORMAL PERIOD 1981 TO 2010
CLIMATE RECORD PERIOD 1948 TO 2015


WEATHER ITEM   OBSERVED TIME   NORMAL DEPARTURE LAST
                VALUE   (LST)  VALUE  FROM      YEAR
                                      NORMAL
......................................................
TEMPERATURE (F)
 YESTERDAY
  MAXIMUM         83    401 PM  84     -1       69
  MINIMUM         45    552 AM  57    -12       60
  AVERAGE         64            70     -6

PRECIPITATION (IN)
  YESTERDAY        0.00          0.06  -0.06     0.16
  MONTH TO DATE    0.00          0.12  -0.12     0.40
  SINCE MAR 1      3.31          7.29  -3.98     9.41
  SINCE JAN 1      9.28         14.60  -5.32    19.56

DEGREE DAYS
 HEATING
  YESTERDAY        1             0      1
  MONTH TO DATE    1             0      1
  SINCE MAR 1     53           183   -130
  SINCE JUL 1   1213          1303    -90

 COOLING
  YESTERDAY        0             6     -6
  MONTH TO DATE    3            12     -9
  SINCE MAR 1    435           167    268
  SINCE JAN 1    451           194    257
......................................................


WIND (MPH)
  RESULTANT WIND SPEED   1   RESULTANT WIND DIRECTION   E (80)
  HIGHEST WIND SPEED    13   HIGHEST WIND DIRECTION     W (260)
  HIGHEST GUST SPEED    17   HIGHEST GUST DIRECTION    NE (30)
  AVERAGE WIND SPEED     3.7



WEATHER CONDITIONS
 THE FOLLOWING WEATHER WAS RECORDED YESTERDAY.
  NO SIGNIFICANT WEATHER WAS OBSERVED.


RELATIVE HUMIDITY (PERCENT)
 HIGHEST    86
 LOWEST     28

..........................................................




SUNRISE AND SUNSET
MAY  3 2015...........SUNRISE   649 AM EDT   SUNSET   810 PM EDT
MAY  4 2015...........SUNRISE   648 AM EDT   SUNSET   811 PM EDT


-  INDICATES NEGATIVE NUMBERS.
R  INDICATES RECORD WAS SET OR TIED.
MM INDICATES DATA IS MISSING.
T  INDICATES TRACE AMOUNT.




$$
