000
CDUS42 KCAE 060603
CLICUB


CLIMATE REPORT
NATIONAL WEATHER SERVICE COLUMBIA SC
202 AM EDT WED MAY 6 2015


...................................

...THE HAMILTON - OWENS AIRPORT SC CLIMATE SUMMARY FOR MAY 5 2015...

CLIMATE NORMAL PERIOD 1981 TO 2010
CLIMATE RECORD PERIOD 9999 TO 9999


WEATHER ITEM   OBSERVED TIME   NORMAL DEPARTURE LAST
                VALUE   (LST)  VALUE  FROM      YEAR
                                      NORMAL
......................................................
TEMPERATURE (F)
 YESTERDAY
  MAXIMUM         83    436 PM  81      2       95
  MINIMUM         56    545 AM  57     -1       57
  AVERAGE         70            69      1       76

PRECIPITATION (IN)
  YESTERDAY        0.00          0.09  -0.09     0.00
  MONTH TO DATE    T             0.39  -0.39     0.02
  SINCE MAR 1      5.65          6.96  -1.31     6.65
  SINCE JAN 1     13.57         14.24  -0.67    13.03

DEGREE DAYS
 HEATING
  YESTERDAY        0             1     -1        0
  MONTH TO DATE    6             5      1        2
  SINCE MAR 1    255           377   -122      470
  SINCE JUL 1   2381          2306     75     2462

 COOLING
  YESTERDAY        5             5      0       11
  MONTH TO DATE   12            24    -12       20
  SINCE MAR 1    146           120     26      118
  SINCE JAN 1    146           123     23      124
......................................................


WIND (MPH)
  HIGHEST WIND SPEED     9   HIGHEST WIND DIRECTION    SE (140)
  HIGHEST GUST SPEED    16   HIGHEST GUST DIRECTION     E (80)
  AVERAGE WIND SPEED     2.5


SKY COVER
  AVERAGE SKY COVER 0.0


WEATHER CONDITIONS
 THE FOLLOWING WEATHER WAS RECORDED YESTERDAY.
  NO SIGNIFICANT WEATHER WAS OBSERVED.


RELATIVE HUMIDITY (PERCENT)
 HIGHEST    87           200 AM
 LOWEST     34           300 PM

..........................................................


THE HAMILTON - OWENS AIRPORT SC CLIMATE NORMALS FOR TODAY
                         NORMAL    RECORD    YEAR
 MAXIMUM TEMPERATURE (F)   82        MM        MM
 MINIMUM TEMPERATURE (F)   57        MM        MM


SUNRISE AND SUNSET
MAY  6 2015...........SUNRISE   630 AM EDT   SUNSET   811 PM EDT
MAY  7 2015...........SUNRISE   629 AM EDT   SUNSET   812 PM EDT


-  INDICATES NEGATIVE NUMBERS.
R  INDICATES RECORD WAS SET OR TIED.
MM INDICATES DATA IS MISSING.
T  INDICATES TRACE AMOUNT.




$$
