000
CDUS43 KUNR 190832
CLICUT


CLIMATE REPORT
NATIONAL WEATHER SERVICE RAPID CITY SD
232 AM MDT SUN APR 19 2015


...................................

...THE CUSTER COUNTY AIRPORT SD CLIMATE SUMMARY FOR APRIL 18 2015...

CLIMATE NORMAL PERIOD 1981 TO 2010
CLIMATE RECORD PERIOD 9999 TO 9999


WEATHER ITEM   OBSERVED TIME   NORMAL DEPARTURE LAST
                VALUE   (LST)  VALUE  FROM      YEAR
                                      NORMAL
......................................................
TEMPERATURE (F)
 YESTERDAY
  MAXIMUM         45    259 PM  51     -6       65
  MINIMUM         35    752 PM  28      7       34
  AVERAGE         40            40      0       50

PRECIPITATION (IN)
  YESTERDAY        0.28          0.08   0.20     0.00
  MONTH TO DATE    0.83          1.14  -0.31     1.21
  SINCE MAR 1      1.16          2.15  -0.99     2.41
  SINCE JAN 1      1.56          3.01  -1.45     3.74

DEGREE DAYS
 HEATING
  YESTERDAY       25            25      0       15
  MONTH TO DATE  450           498    -48      510
  SINCE MAR 1   1281          1538   -257     1562
  SINCE JUL 1   6730          7373   -643     7420

 COOLING
  YESTERDAY        0             0      0        0
  MONTH TO DATE    0             0      0        0
  SINCE MAR 1      0             0      0        0
  SINCE JAN 1      0             0      0        0
......................................................


WIND (MPH)
  HIGHEST WIND SPEED    22   HIGHEST WIND DIRECTION     N (360)
  HIGHEST GUST SPEED    34   HIGHEST GUST DIRECTION     N (360)
  AVERAGE WIND SPEED     9.3


SKY COVER
  AVERAGE SKY COVER 1.0


WEATHER CONDITIONS
 THE FOLLOWING WEATHER WAS RECORDED YESTERDAY.
  RAIN
  LIGHT RAIN
  LIGHT SNOW
  FOG
  FOG W/VISIBILITY <= 1/4 MILE


RELATIVE HUMIDITY (PERCENT)
 HIGHEST    93
 LOWEST     75
 AVERAGE    84

..........................................................




SUNRISE AND SUNSET
APRIL 19 2015.........SUNRISE   605 AM MDT   SUNSET   743 PM MDT
APRIL 20 2015.........SUNRISE   604 AM MDT   SUNSET   744 PM MDT


-  INDICATES NEGATIVE NUMBERS.
R  INDICATES RECORD WAS SET OR TIED.
MM INDICATES DATA IS MISSING.
T  INDICATES TRACE AMOUNT.




$$
