000
CDUS41 KILN 050546
CLICVG


CLIMATE REPORT
NATIONAL WEATHER SERVICE WILMINGTON OH
143 AM EDT TUE MAY 5 2015


...................................

...THE CINCINNATI OH CLIMATE SUMMARY FOR MAY 4 2015...

CLIMATE NORMAL PERIOD 1981 TO 2010
CLIMATE RECORD PERIOD 1869 TO 2015


WEATHER ITEM   OBSERVED TIME   RECORD YEAR NORMAL DEPARTURE LAST
                VALUE   (LST)  VALUE       VALUE  FROM      YEAR
                                                  NORMAL
..................................................................
TEMPERATURE (F)
 YESTERDAY
  MAXIMUM         80    453 PM  90    1949  71      9       74
  MINIMUM         56    529 AM  30    1971  50      6       53
  AVERAGE         68                        60      8       64

PRECIPITATION (IN)
  YESTERDAY        0.00          1.43 1884   0.17  -0.17     0.00
  MONTH TO DATE    0.00                      0.64  -0.64      T
  SINCE MAR 1     11.45                      8.49   2.96     9.07
  SINCE JAN 1     15.60                     14.30   1.30    14.61

SNOWFALL (IN)
  YESTERDAY        0.0           0.0    MM   0.0    0.0      0.0
  MONTH TO DATE    0.0                       0.0    0.0      0.0
  SINCE MAR 1      4.9                       3.5    1.4      3.9
  SINCE JUL 1     29.9                      22.1    7.8     47.5
  SNOW DEPTH       0

DEGREE DAYS
 HEATING
  YESTERDAY        0                         6     -6        1
  MONTH TO DATE   13                        26    -13       37
  SINCE MAR 1    995                      1033    -38     1090
  SINCE JUL 1   5222                      4860    362     5334

 COOLING
  YESTERDAY        3                         1      2        0
  MONTH TO DATE    3                         4     -1        0
  SINCE MAR 1      8                        22    -14        7
  SINCE JAN 1      8                        22    -14        7
..................................................................


WIND (MPH)
  RESULTANT WIND SPEED   5   RESULTANT WIND DIRECTION  SW (210)
  HIGHEST WIND SPEED    20   HIGHEST WIND DIRECTION     W (260)
  HIGHEST GUST SPEED    25   HIGHEST GUST DIRECTION     W (260)
  AVERAGE WIND SPEED     6.1


SKY COVER
  POSSIBLE SUNSHINE  MM
  AVERAGE SKY COVER 0.6


WEATHER CONDITIONS
 THE FOLLOWING WEATHER WAS RECORDED YESTERDAY.
  NO SIGNIFICANT WEATHER WAS OBSERVED.


RELATIVE HUMIDITY (PERCENT)
 HIGHEST    73          1000 PM
 LOWEST     42          1200 PM
 AVERAGE    58

..........................................................


THE CINCINNATI OH CLIMATE NORMALS FOR TODAY
                         NORMAL    RECORD    YEAR
 MAXIMUM TEMPERATURE (F)   71        92      1959
 MINIMUM TEMPERATURE (F)   50        33      1979
                                             1973


SUNRISE AND SUNSET
MAY  5 2015...........SUNRISE   636 AM EDT   SUNSET   835 PM EDT
MAY  6 2015...........SUNRISE   635 AM EDT   SUNSET   836 PM EDT


-  INDICATES NEGATIVE NUMBERS.
R  INDICATES RECORD WAS SET OR TIED.
MM INDICATES DATA IS MISSING.
T  INDICATES TRACE AMOUNT.




$$
