000
CDUS46 KSGX 281434
CLICZZ


CLIMATE REPORT
NATIONAL WEATHER SERVICE SAN DIEGO, CA
734 AM PDT TUE APR 28 2015


...................................

...THE CAMPO ASOS CA CLIMATE SUMMARY FOR APRIL 27 2015...

CLIMATE NORMAL PERIOD 1981 TO 2010
CLIMATE RECORD PERIOD 1948 TO 2015


WEATHER ITEM   OBSERVED TIME   RECORD YEAR NORMAL DEPARTURE LAST
                VALUE   (LST)  VALUE       VALUE  FROM      YEAR
                                                  NORMAL
..................................................................
TEMPERATURE (F)
 YESTERDAY
  MAXIMUM         75    406 PM  92    2004  75      0       65
                                      1996
  MINIMUM         41   1125 PM  27    1975  39      2       44
  AVERAGE         58                        57      1       55

PRECIPITATION (IN)
  YESTERDAY        0.00          1.22 1960   0.03  -0.03     0.00
  MONTH TO DATE    0.27                      0.90  -0.63     0.68
  SINCE OCT 1      6.62                     14.02  -7.40     5.00
  SINCE JAN 1      2.75                      9.80  -7.05     2.75

SNOWFALL (IN)
  YESTERDAY        0.0
  MONTH TO DATE    0.0
  SINCE MAR 1      0.0
  SINCE JUL 1      0.0
  SNOW DEPTH       0

DEGREE DAYS
 HEATING
  YESTERDAY        7                         8     -1       10
  MONTH TO DATE  283                       277      6      246
  SINCE MAR 1    578                       694   -116      618
  SINCE JUL 1   2214                      2745   -531     2488

 COOLING
  YESTERDAY        0                         0      0        0
  MONTH TO DATE    0                         0      0        1
  SINCE MAR 1      0                         0      0        1
  SINCE JAN 1      0                         0      0        1
..................................................................


WIND (MPH)
  RESULTANT WIND SPEED  11   RESULTANT WIND DIRECTION  NE (40)
  HIGHEST WIND SPEED    30   HIGHEST WIND DIRECTION    NE (60)
  HIGHEST GUST SPEED    38   HIGHEST GUST DIRECTION    NE (40)
  AVERAGE WIND SPEED    12.0


SKY COVER
  POSSIBLE SUNSHINE  MM
  AVERAGE SKY COVER 0.0



RELATIVE HUMIDITY (PERCENT)
 HIGHEST    93          1200 AM
 LOWEST     11           300 PM
 AVERAGE    52

..........................................................


THE CAMPO ASOS CA CLIMATE NORMALS FOR TODAY
                         NORMAL    RECORD    YEAR
 MAXIMUM TEMPERATURE (F)   76        92      1992
 MINIMUM TEMPERATURE (F)   40        29      1969


SUNRISE AND SUNSET
APRIL 28 2015.........SUNRISE   602 AM PDT   SUNSET   725 PM PDT
APRIL 29 2015.........SUNRISE   601 AM PDT   SUNSET   726 PM PDT


-  INDICATES NEGATIVE NUMBERS.
R  INDICATES RECORD WAS SET OR TIED.
MM INDICATES DATA IS MISSING.
T  INDICATES TRACE AMOUNT.




$$
