000
CDUS43 KUNR 030837
CLID07


CLIMATE REPORT
NATIONAL WEATHER SERVICE RAPID CITY SD
234 AM MDT SUN MAY 3 2015


...................................

...THE FAITH SD CLIMATE SUMMARY FOR MAY 2 2015...

CLIMATE NORMAL PERIOD 1981 TO 2010
CLIMATE RECORD PERIOD 9999 TO 9999


WEATHER ITEM   OBSERVED TIME   NORMAL DEPARTURE LAST
                VALUE   (LST)  VALUE  FROM      YEAR
                                      NORMAL
......................................................
TEMPERATURE (F)
 YESTERDAY
  MAXIMUM         86   1238 PM  63     23       55
  MINIMUM         44    507 AM  39      5       43
  AVERAGE         65            51     14       49

PRECIPITATION (IN)
  YESTERDAY        0.00          0.10  -0.10     0.00
  MONTH TO DATE    0.00          0.19  -0.19     0.00
  SINCE MAR 1      0.65          2.80  -2.15     2.07
  SINCE JAN 1      1.08          3.42  -2.34     2.97

DEGREE DAYS
 HEATING
  YESTERDAY        0            14    -14       16
  MONTH TO DATE    7            28    -21       34
  SINCE MAR 1   1272          1639   -367     1760
  SINCE JUL 1   6771          7327   -556     7846

 COOLING
  YESTERDAY        0             0      0        0
  MONTH TO DATE    0             0      0        0
  SINCE MAR 1      2             1      1        0
  SINCE JAN 1      2             1      1        0
......................................................


WIND (MPH)
  HIGHEST WIND SPEED    23   HIGHEST WIND DIRECTION    NW (310)
  HIGHEST GUST SPEED    30   HIGHEST GUST DIRECTION    NW (330)
  AVERAGE WIND SPEED    12.8




RELATIVE HUMIDITY (PERCENT)
 HIGHEST    62           500 AM
 LOWEST     12          1200 PM
 AVERAGE    37

..........................................................




SUNRISE AND SUNSET
MAY  3 2015...........SUNRISE   535 AM MDT   SUNSET   756 PM MDT
MAY  4 2015...........SUNRISE   533 AM MDT   SUNSET   757 PM MDT


-  INDICATES NEGATIVE NUMBERS.
R  INDICATES RECORD WAS SET OR TIED.
MM INDICATES DATA IS MISSING.
T  INDICATES TRACE AMOUNT.




$$
