000
CDUS42 KMLB 210626
CLIDAB


CLIMATE REPORT
NATIONAL WEATHER SERVICE MELBOURNE FL
225 AM EDT TUE APR 21 2015


...................................

...THE DAYTONA BEACH CLIMATE SUMMARY FOR APRIL 20 2015...

CLIMATE NORMAL PERIOD 1981 TO 2010
CLIMATE RECORD PERIOD 1923 TO 2015


WEATHER ITEM   OBSERVED TIME   RECORD YEAR NORMAL DEPARTURE LAST
                VALUE   (LST)  VALUE       VALUE  FROM      YEAR
                                                  NORMAL
..................................................................
TEMPERATURE (F)
 YESTERDAY
  MAXIMUM         84    220 PM  95    1968  80      4       69
  MINIMUM         66   1159 PM  42    1936  59      7       61
  AVERAGE         75                        70      5       65

PRECIPITATION (IN)
  YESTERDAY        0.57          1.84 1954   0.07   0.50      T
  MONTH TO DATE    5.12                      1.60   3.52     2.23
  SINCE MAR 1      5.98                      5.84   0.14     6.95
  SINCE JAN 1     11.41                     11.36   0.05    13.53

SNOWFALL (IN)
  YESTERDAY        0.0
  MONTH TO DATE    0.0
  SINCE JUL 1      0.0

DEGREE DAYS
 HEATING
  YESTERDAY        0                         1     -1        0
  MONTH TO DATE    0                        23    -23        9
  SINCE MAR 1     35                       120    -85       89
  SINCE JUL 1    682                       802   -120      602

 COOLING
  YESTERDAY       10                         5      5        0
  MONTH TO DATE  209                        84    125      100
  SINCE MAR 1    399                       161    238      159
  SINCE JAN 1    439                       226    213      243
..................................................................


WIND (MPH)
  HIGHEST WIND SPEED    29   HIGHEST WIND DIRECTION    NW (310)
  HIGHEST GUST SPEED    40   HIGHEST GUST DIRECTION    NW (320)
  AVERAGE WIND SPEED     6.4


SKY COVER
  AVERAGE SKY COVER 0.9


WEATHER CONDITIONS
 THE FOLLOWING WEATHER WAS RECORDED YESTERDAY.
  THUNDERSTORM
  HEAVY RAIN
  RAIN
  LIGHT RAIN
  FOG


RELATIVE HUMIDITY (PERCENT)
 HIGHEST   100           700 AM
 LOWEST     63          1200 PM
 AVERAGE    82

..........................................................


THE DAYTONA BEACH CLIMATE NORMALS FOR TODAY
                         NORMAL    RECORD    YEAR
 MAXIMUM TEMPERATURE (F)   80        89      2002
                                             1995
                                             1970
 MINIMUM TEMPERATURE (F)   59        44      1953


SUNRISE AND SUNSET
APRIL 21 2015.........SUNRISE   652 AM EDT   SUNSET   754 PM EDT
APRIL 22 2015.........SUNRISE   651 AM EDT   SUNSET   755 PM EDT


-  INDICATES NEGATIVE NUMBERS.
R  INDICATES RECORD WAS SET OR TIED.
MM INDICATES DATA IS MISSING.
T  INDICATES TRACE AMOUNT.




$$
