000
CDUS41 KILN 070545
CLIDAY


CLIMATE REPORT
NATIONAL WEATHER SERVICE WILMINGTON OH
144 AM EDT THU MAY 7 2015


...................................

...THE DAYTON OH CLIMATE SUMMARY FOR MAY 6 2015...

CLIMATE NORMAL PERIOD 1981 TO 2010
CLIMATE RECORD PERIOD 1869 TO 2015


WEATHER ITEM   OBSERVED TIME   RECORD YEAR NORMAL DEPARTURE LAST
                VALUE   (LST)  VALUE       VALUE  FROM      YEAR
                                                  NORMAL
..................................................................
TEMPERATURE (F)
 YESTERDAY
  MAXIMUM         86    327 PM  89    1949  69     17       72
  MINIMUM         56    503 AM  31    1968  48      8       44
  AVERAGE         71                        58     13       58

PRECIPITATION (IN)
  YESTERDAY        0.00          0.91 1971   0.15  -0.15     0.00
  MONTH TO DATE    0.88                      0.90  -0.02     0.02
  SINCE MAR 1     10.05                      8.33   1.72     8.44
  SINCE JAN 1     14.41                     13.28   1.13    13.42

SNOWFALL (IN)
  YESTERDAY        0.0           0.0    MM   0.0    0.0      0.0
  MONTH TO DATE    0.0                       0.0    0.0      0.0
  SINCE MAR 1      5.7                       4.0    1.7      8.2
  SINCE JUL 1     27.7                      23.3    4.4     53.6
  SNOW DEPTH       0

DEGREE DAYS
 HEATING
  YESTERDAY        0                         7     -7        7
  MONTH TO DATE    8                        48    -40       58
  SINCE MAR 1   1139                      1224    -85     1267
  SINCE JUL 1   5702                      5499    203     5866

 COOLING
  YESTERDAY        6                         1      5        0
  MONTH TO DATE   18                         6     12        0
  SINCE MAR 1     22                        16      6        8
  SINCE JAN 1     22                        16      6        8
..................................................................


WIND (MPH)
  RESULTANT WIND SPEED   2   RESULTANT WIND DIRECTION   N (360)
  HIGHEST WIND SPEED    14   HIGHEST WIND DIRECTION    NE (30)
  HIGHEST GUST SPEED    17   HIGHEST GUST DIRECTION    NE (30)
  AVERAGE WIND SPEED     4.2



WEATHER CONDITIONS
 THE FOLLOWING WEATHER WAS RECORDED YESTERDAY.
  FOG
  HAZE


RELATIVE HUMIDITY (PERCENT)
 HIGHEST    93           400 AM
 LOWEST     32           100 PM
 AVERAGE    63

..........................................................


THE DAYTON OH CLIMATE NORMALS FOR TODAY
                         NORMAL    RECORD    YEAR
 MAXIMUM TEMPERATURE (F)   69        87      1926
                                             1897
 MINIMUM TEMPERATURE (F)   49        28      1974


SUNRISE AND SUNSET
MAY  7 2015...........SUNRISE   630 AM EDT   SUNSET   837 PM EDT
MAY  8 2015...........SUNRISE   629 AM EDT   SUNSET   838 PM EDT


-  INDICATES NEGATIVE NUMBERS.
R  INDICATES RECORD WAS SET OR TIED.
MM INDICATES DATA IS MISSING.
T  INDICATES TRACE AMOUNT.




$$
