000
CDUS43 KILX 210632
CLIDEC


CLIMATE REPORT
NATIONAL WEATHER SERVICE LINCOLN IL
132 AM CDT TUE APR 21 2015


...................................

...THE DECATUR IL AIRPORT CLIMATE SUMMARY FOR APRIL 20 2015...

CLIMATE NORMAL PERIOD 1981 TO 2010
CLIMATE RECORD PERIOD 9999 TO 9999


WEATHER ITEM   OBSERVED TIME   RECORD YEAR NORMAL DEPARTURE LAST
                VALUE   (LST)  VALUE       VALUE  FROM      YEAR
                                                  NORMAL
..................................................................
TEMPERATURE (F)
 YESTERDAY
  MAXIMUM         59   1204 AM  MM      MM  66     -7       78
  MINIMUM         43    945 PM  MM      MM  43      0       41
  AVERAGE         51                        54     -3       60

PRECIPITATION (IN)
  YESTERDAY        0.04         MM      MM   0.12  -0.08     0.00
  MONTH TO DATE    1.98                      2.20  -0.22     2.84
  SINCE MAR 1      3.59                      4.84  -1.25     4.33
  SINCE JAN 1      4.84                      8.56  -3.72     5.45

DEGREE DAYS
 HEATING
  YESTERDAY       14                        11      3        5
  MONTH TO DATE  150                       288   -138      265
  SINCE MAR 1    939                      1015    -76     1151
  SINCE JUL 1   5585                      5272    313     5963

 COOLING
  YESTERDAY        0                         0      0        0
  MONTH TO DATE    3                         0      3        1
  SINCE MAR 1      3                         1      2        1
  SINCE JAN 1      3                         1      2        1
..................................................................


WIND (MPH)
  HIGHEST WIND SPEED    30   HIGHEST WIND DIRECTION     W (280)
  HIGHEST GUST SPEED    39   HIGHEST GUST DIRECTION     W (280)
  AVERAGE WIND SPEED    15.7


SKY COVER
  POSSIBLE SUNSHINE  MM
  AVERAGE SKY COVER 0.9


WEATHER CONDITIONS
 THE FOLLOWING WEATHER WAS RECORDED YESTERDAY.
  LIGHT RAIN
  FOG


RELATIVE HUMIDITY (PERCENT)
 HIGHEST    93           100 AM
 LOWEST     50           100 PM
 AVERAGE    72

..........................................................


THE DECATUR IL AIRPORT CLIMATE NORMALS FOR TODAY
                         NORMAL    RECORD    YEAR
 MAXIMUM TEMPERATURE (F)   66        MM        MM
 MINIMUM TEMPERATURE (F)   44        MM        MM


SUNRISE AND SUNSET
APRIL 21 2015.........SUNRISE   609 AM CDT   SUNSET   739 PM CDT
APRIL 22 2015.........SUNRISE   608 AM CDT   SUNSET   740 PM CDT


-  INDICATES NEGATIVE NUMBERS.
R  INDICATES RECORD WAS SET OR TIED.
MM INDICATES DATA IS MISSING.
T  INDICATES TRACE AMOUNT.




$$
