000
CDUS44 KFWD 040655
CLIDFW


CLIMATE REPORT
NATIONAL WEATHER SERVICE FORT WORTH TX
155 AM CDT MON MAY 4 2015


...................................

...THE DALLAS FORT WORTH CLIMATE SUMMARY FOR MAY 3 2015...

CLIMATE NORMAL PERIOD 1981 TO 2010
CLIMATE RECORD PERIOD 1898 TO 2015


WEATHER ITEM   OBSERVED TIME   RECORD YEAR NORMAL DEPARTURE LAST
                VALUE   (LST)  VALUE       VALUE  FROM      YEAR
                                                  NORMAL
..................................................................
TEMPERATURE (F)
 YESTERDAY
  MAXIMUM         79    355 PM  97    1920  80     -1       90
  MINIMUM         60    621 AM  39    2013  60      0       52
  AVERAGE         70                        70      0       71

PRECIPITATION (IN)
  YESTERDAY        0.00          1.99 1979   0.16  -0.16     0.00
  MONTH TO DATE    0.00                      0.46  -0.46     0.00
  SINCE MAR 1      8.09                      7.02   1.07     3.19
  SINCE JAN 1     14.67                     11.81   2.86     3.93

DEGREE DAYS
 HEATING
  YESTERDAY        0                         1     -1        0
  MONTH TO DATE    0                         3     -3        6
  SINCE MAR 1    357                       347     10      427
  SINCE JUL 1   2393                      2279    114     2600

 COOLING
  YESTERDAY        5                         6     -1        6
  MONTH TO DATE   13                        17     -4        7
  SINCE MAR 1    136                       148    -12      174
  SINCE JAN 1    136                       155    -19      174
..................................................................


WIND (MPH)
  HIGHEST WIND SPEED    20   HIGHEST WIND DIRECTION     S (160)
  HIGHEST GUST SPEED    28   HIGHEST GUST DIRECTION     S (200)
  AVERAGE WIND SPEED    11.3


SKY COVER
  POSSIBLE SUNSHINE  MM
  AVERAGE SKY COVER 0.3


WEATHER CONDITIONS
 THE FOLLOWING WEATHER WAS RECORDED YESTERDAY.
  NO SIGNIFICANT WEATHER WAS OBSERVED.


RELATIVE HUMIDITY (PERCENT)
 HIGHEST    84           500 AM
 LOWEST     45           100 PM
 AVERAGE    65

..........................................................


THE DALLAS FORT WORTH CLIMATE NORMALS FOR TODAY
                         NORMAL    RECORD    YEAR
 MAXIMUM TEMPERATURE (F)   80       100      1947
 MINIMUM TEMPERATURE (F)   61        39      2013


SUNRISE AND SUNSET
MAY  4 2015...........SUNRISE   638 AM CDT   SUNSET   812 PM CDT
MAY  5 2015...........SUNRISE   637 AM CDT   SUNSET   813 PM CDT


-  INDICATES NEGATIVE NUMBERS.
R  INDICATES RECORD WAS SET OR TIED.
MM INDICATES DATA IS MISSING.
T  INDICATES TRACE AMOUNT.




$$
