000
CDUS41 KLWX 180529
CLIDMH


CLIMATE REPORT
NATIONAL WEATHER SERVICE BALTIMORE MD/WASHINGTON DC
128 AM EDT SAT APR 18 2015


...................................

...THE BALTIMORE INNER HARBOR MD CLIMATE SUMMARY FOR APRIL 17 2015...

CLIMATE NORMAL PERIOD 1981 TO 2010
CLIMATE RECORD PERIOD 9999 TO 9999


WEATHER ITEM   OBSERVED TIME   RECORD YEAR NORMAL DEPARTURE LAST
                VALUE   (LST)  VALUE       VALUE  FROM      YEAR
                                                  NORMAL
..................................................................
TEMPERATURE (F)
 YESTERDAY
  MAXIMUM         75        MM  MM      MM  66      9       54
  MINIMUM         56        MM  MM      MM  48      8       39
  AVERAGE         66                        57      9       47

PRECIPITATION (IN)
  YESTERDAY        0.11         MM      MM   0.10   0.01     0.00
  MONTH TO DATE    1.08                      1.91  -0.83     2.80
  SINCE MAR 1      5.52                      5.77  -0.25     7.00
  SINCE JAN 1     11.34                     11.29   0.05    13.33

DEGREE DAYS
 HEATING
  YESTERDAY        0                         9     -9       18
  MONTH TO DATE  141                       190    -49      167
  SINCE MAR 1    750                       769    -19      901
  SINCE JUL 1   4264                      3857    407     3971

 COOLING
  YESTERDAY        1                         1      0        0
  MONTH TO DATE    1                        10     -9       14
  SINCE MAR 1      1                        11    -10       14
  SINCE JAN 1      1                        11    -10       14
..................................................................


WIND (MPH)
  HIGHEST WIND SPEED    MM   HIGHEST WIND DIRECTION    MM
  HIGHEST GUST SPEED    MM   HIGHEST GUST DIRECTION    MM
  AVERAGE WIND SPEED    MM


SKY COVER
  POSSIBLE SUNSHINE  MM



RELATIVE HUMIDITY (PERCENT)
 HIGHEST   100           500 AM
 LOWEST     57          1200 PM
 AVERAGE    79

..........................................................


THE BALTIMORE INNER HARBOR MD CLIMATE NORMALS FOR TODAY
                         NORMAL
 MAXIMUM TEMPERATURE (F)   67
 MINIMUM TEMPERATURE (F)   48


SUNRISE AND SUNSET
APRIL 18 2015.........SUNRISE   626 AM EDT   SUNSET   747 PM EDT
APRIL 19 2015.........SUNRISE   624 AM EDT   SUNSET   748 PM EDT


-  INDICATES NEGATIVE NUMBERS.
R  INDICATES RECORD WAS SET OR TIED.
MM INDICATES DATA IS MISSING.
T  INDICATES TRACE AMOUNT.




$$
