000
CDUS44 KEWX 040742
CLIDRT


CLIMATE REPORT
NATIONAL WEATHER SERVICE AUSTIN/SAN ANTONIO, TX
242 AM CDT MON MAY 4 2015


...................................

...THE DEL RIO CLIMATE SUMMARY FOR MAY 3 2015...

CLIMATE NORMAL PERIOD 1981 TO 2010
CLIMATE RECORD PERIOD 1906 TO 2015


WEATHER ITEM   OBSERVED TIME   RECORD YEAR NORMAL DEPARTURE LAST
                VALUE   (LST)  VALUE       VALUE  FROM      YEAR
                                                  NORMAL
..................................................................
TEMPERATURE (F)
 YESTERDAY
  MAXIMUM         86    425 PM 101    1964  87     -1       93
  MINIMUM         64    628 AM  45    1970  65     -1       57
  AVERAGE         75                        76     -1       75

PRECIPITATION (IN)
  YESTERDAY        0.00          2.55 1918   0.07  -0.07     0.00
  MONTH TO DATE    0.00                      0.21  -0.21     0.00
  SINCE MAR 1      3.92                      3.00   0.92     0.40
  SINCE JAN 1      4.91                      4.60   0.31     0.62

SNOWFALL (IN)
  YESTERDAY        0.0
  MONTH TO DATE    0.0
  SINCE MAR 1      0.0
  SINCE JUL 1      0.0

DEGREE DAYS
 HEATING
  YESTERDAY        0                         0      0        0
  MONTH TO DATE    0                         0      0        0
  SINCE MAR 1    148                       139      9      148
  SINCE JUL 1   1475                      1375    100     1555

 COOLING
  YESTERDAY       10                        11     -1       10
  MONTH TO DATE   21                        33    -12       19
  SINCE MAR 1    312                       343    -31      394
  SINCE JAN 1    327                       362    -35      439
..................................................................


WIND (MPH)
  HIGHEST WIND SPEED    21   HIGHEST WIND DIRECTION    SE (120)
  HIGHEST GUST SPEED    28   HIGHEST GUST DIRECTION    SE (120)
  AVERAGE WIND SPEED    11.5


SKY COVER
  AVERAGE SKY COVER 0.5


WEATHER CONDITIONS
 THE FOLLOWING WEATHER WAS RECORDED YESTERDAY.
  FOG
  HAZE


RELATIVE HUMIDITY (PERCENT)
 HIGHEST    93           900 AM
 LOWEST     43           500 PM
 AVERAGE    68

..........................................................


THE DEL RIO CLIMATE NORMALS FOR TODAY
                         NORMAL    RECORD    YEAR
 MAXIMUM TEMPERATURE (F)   87       102      1984
 MINIMUM TEMPERATURE (F)   65        47      2013
                                             1954


SUNRISE AND SUNSET
MAY  4 2015...........SUNRISE   659 AM CDT   SUNSET   822 PM CDT
MAY  5 2015...........SUNRISE   659 AM CDT   SUNSET   822 PM CDT


-  INDICATES NEGATIVE NUMBERS.
R  INDICATES RECORD WAS SET OR TIED.
MM INDICATES DATA IS MISSING.
T  INDICATES TRACE AMOUNT.




$$
