000
CDUS45 KTWC 070026
CLIDUG

CLIMATE REPORT
NATIONAL WEATHER SERVICE TUCSON AZ
525 PM MST WED MAY 6 2015


...................................

...THE DOUGLAS AZ CLIMATE SUMMARY FOR MAY 6 2015...
VALID TODAY AS OF 0500 PM LOCAL TIME.

CLIMATE NORMAL PERIOD 1981 TO 2010
CLIMATE RECORD PERIOD 1948 TO 2015


WEATHER ITEM   OBSERVED TIME   RECORD YEAR NORMAL DEPARTURE LAST
                VALUE   (LST)  VALUE       VALUE  FROM      YEAR
                                                  NORMAL
..................................................................
TEMPERATURE (F)
 TODAY
  MAXIMUM         81    410 PM  97    1997  85     -4       85
  MINIMUM         44    447 AM  33    1975  49     -5       54
  AVERAGE         63                        67     -4       70

PRECIPITATION (IN)
  TODAY            0.00                      0.01  -0.01     0.00
  MONTH TO DATE    T                         0.05  -0.05     0.00
  SINCE OCT 1      4.80                      4.72   0.08     1.39
  SINCE JAN 1      2.83                      2.17   0.66     0.57

DEGREE DAYS
 COOLING
  TODAY            0                         3     -3        5
  MONTH TO DATE   10                        18     -8       15
  SINCE MAR 1     14                        48    -34       33
  SINCE JAN 1     14                        48    -34       33
..................................................................


WIND (MPH)
  HIGHEST WIND SPEED    25   HIGHEST WIND DIRECTION    SW (240)
  HIGHEST GUST SPEED    31   HIGHEST GUST DIRECTION     W (260)
  AVERAGE WIND SPEED     8.1


SKY COVER
  POSSIBLE SUNSHINE  MM
  AVERAGE SKY COVER 0.0


WEATHER CONDITIONS
 THE FOLLOWING WEATHER WAS RECORDED TODAY.
  NO SIGNIFICANT WEATHER WAS OBSERVED.


RELATIVE HUMIDITY (PERCENT)
 HIGHEST    60
 LOWEST      8
 AVERAGE    34

..........................................................


THE DOUGLAS AZ CLIMATE NORMALS FOR TOMORROW
                         NORMAL    RECORD    YEAR
 MAXIMUM TEMPERATURE (F)   86        99      2009
 MINIMUM TEMPERATURE (F)   49        32      1969


SUNRISE AND SUNSET
MAY  6 2015...........SUNRISE   529 AM MST   SUNSET   701 PM MST
MAY  7 2015...........SUNRISE   528 AM MST   SUNSET   702 PM MST


-  INDICATES NEGATIVE NUMBERS.
R  INDICATES RECORD WAS SET OR TIED.
MM INDICATES DATA IS MISSING.
T  INDICATES TRACE AMOUNT.




$$
