000
CDUS43 KDVN 252139
CLIDVN


CLIMATE REPORT
NATIONAL WEATHER SERVICE QUAD CITIES IA IL
438 PM CDT SAT APR 25 2015


...................................

...THE DAVENPORT IA CLIMATE SUMMARY FOR APRIL 25 2015...
VALID TODAY AS OF 0400 PM LOCAL TIME.

CLIMATE NORMAL PERIOD 1981 TO 2010
CLIMATE RECORD PERIOD 9999 TO 9999


WEATHER ITEM   OBSERVED TIME   RECORD YEAR NORMAL DEPARTURE LAST
                VALUE   (LST)  VALUE       VALUE  FROM      YEAR
                                                  NORMAL
..................................................................
TEMPERATURE (F)
 TODAY
  MAXIMUM         51    234 PM  MM      MM  65    -14       73
  MINIMUM         41    340 AM  MM      MM  42     -1       40
  AVERAGE         46                        54     -8       57

PRECIPITATION (IN)
  TODAY            0.59         MM      MM   0.12   0.47     0.00
  MONTH TO DATE    1.89                      2.69  -0.80     2.18
  SINCE MAR 1      2.75                      5.21  -2.46     2.70
  SINCE JAN 1      5.32                      7.74  -2.42     5.49

SNOWFALL (IN)
  TODAY            0.0          MM      MM  MM     MM        0.0
  MONTH TO DATE    T                        MM     MM         T
  SINCE MAR 1      0.3                      MM     MM        7.4
  SINCE JUL 1     32.5                      MM     MM       50.2
  SNOW DEPTH       0

DEGREE DAYS
 HEATING
  TODAY           19                        12      7        8
  MONTH TO DATE  342                       393    -51      412
  SINCE MAR 1   1223                      1226     -3     1449
  SINCE JUL 1   6719                      6251    468     7312

 COOLING
  TODAY            0                         0      0        0
  MONTH TO DATE    1                         0      1        6
  SINCE MAR 1      1                         0      1        6
  SINCE JAN 1      1                         0      1        6
..................................................................


WIND (MPH)
  HIGHEST WIND SPEED    36   HIGHEST WIND DIRECTION    NE (60)
  HIGHEST GUST SPEED    47   HIGHEST GUST DIRECTION     E (70)
  AVERAGE WIND SPEED    20.3


SKY COVER
  POSSIBLE SUNSHINE  MM
  AVERAGE SKY COVER 0.9


WEATHER CONDITIONS
 THE FOLLOWING WEATHER WAS RECORDED TODAY.
  HEAVY RAIN
  RAIN
  LIGHT RAIN
  FOG
  HAZE


RELATIVE HUMIDITY (PERCENT)
 HIGHEST    92          1000 AM
 LOWEST     74           200 PM
 AVERAGE    83

..........................................................


THE DAVENPORT IA CLIMATE NORMALS FOR TOMORROW
                         NORMAL    RECORD    YEAR
 MAXIMUM TEMPERATURE (F)   65        MM        MM
 MINIMUM TEMPERATURE (F)   43        MM        MM


SUNRISE AND SUNSET
APRIL 25 2015.........SUNRISE   608 AM CDT   SUNSET   754 PM CDT
APRIL 26 2015.........SUNRISE   606 AM CDT   SUNSET   755 PM CDT


-  INDICATES NEGATIVE NUMBERS.
R  INDICATES RECORD WAS SET OR TIED.
MM INDICATES DATA IS MISSING.
T  INDICATES TRACE AMOUNT.




$$
