000
CDUS41 KRLX 030718
CLIEKN


CLIMATE REPORT
NATIONAL WEATHER SERVICE CHARLESTON WV
316 AM EDT SUN MAY 3 2015


...................................

...THE ELKINS WV CLIMATE SUMMARY FOR MAY 2 2015...

CLIMATE NORMAL PERIOD 1981 TO 2010
CLIMATE RECORD PERIOD 1899 TO 2015


WEATHER ITEM   OBSERVED TIME   RECORD YEAR NORMAL DEPARTURE LAST
                VALUE   (LST)  VALUE       VALUE  FROM      YEAR
                                                  NORMAL
..................................................................
TEMPERATURE (F)
 YESTERDAY
  MAXIMUM         69    220 PM  85    1910  68      1       58
                                      1902
  MINIMUM         39    411 AM  22    1978  41     -2       38
  AVERAGE         54                        54      0       48

PRECIPITATION (IN)
  YESTERDAY        0.00          1.41 1985   0.14  -0.14     0.00
  MONTH TO DATE    0.26                      0.28  -0.02     0.04
  SINCE JAN 1     20.32                     14.37   5.95    11.43

SNOWFALL (IN)
  YESTERDAY        0.0
  MONTH TO DATE    0.0
  SINCE SEP 1     70.3
  SNOW DEPTH       0

DEGREE DAYS
 HEATING
  YESTERDAY       11                        11      0       17
  MONTH TO DATE   22                        22      0       27
  SINCE MAR 1   1218                      1264    -46     1311
  SINCE JUL 1   5849                      5585    264     5834

 COOLING
  YESTERDAY        0                         0      0        0
  MONTH TO DATE    0                         0      0        0
  SINCE MAR 1      3                         3      0        2
  SINCE JAN 1      3                         3      0        2
..................................................................


WIND (MPH)
  HIGHEST WIND SPEED    16   HIGHEST WIND DIRECTION    NW (320)
  HIGHEST GUST SPEED    22   HIGHEST GUST DIRECTION    NW (320)
  AVERAGE WIND SPEED     2.5


SKY COVER
  POSSIBLE SUNSHINE  MM
  AVERAGE SKY COVER 0.5


WEATHER CONDITIONS
 THE FOLLOWING WEATHER WAS RECORDED YESTERDAY.
  FOG


RELATIVE HUMIDITY (PERCENT)
 HIGHEST    92           400 AM
 LOWEST     29           200 PM
 AVERAGE    61

..........................................................


THE ELKINS WV CLIMATE NORMALS FOR TODAY
                         NORMAL    RECORD    YEAR
 MAXIMUM TEMPERATURE (F)   68        88      1942
 MINIMUM TEMPERATURE (F)   41        20      1978


SUNRISE AND SUNSET
MAY  3 2015...........SUNRISE   620 AM EDT   SUNSET   814 PM EDT
MAY  4 2015...........SUNRISE   618 AM EDT   SUNSET   815 PM EDT


-  INDICATES NEGATIVE NUMBERS.
R  INDICATES RECORD WAS SET OR TIED.
MM INDICATES DATA IS MISSING.
T  INDICATES TRACE AMOUNT.




$$
