000
CDUS45 KLKN 070044
CLIEKO


CLIMATE REPORT
NATIONAL WEATHER SERVICE ELKO NV
544 PM PDT WED MAY 6 2015


...................................

...THE ELKO AIRPORT NV CLIMATE SUMMARY FOR MAY 6 2015...
VALID TODAY AS OF 0500 PM LOCAL TIME.

CLIMATE NORMAL PERIOD 1981 TO 2010
CLIMATE RECORD PERIOD 1888 TO 2015


WEATHER ITEM   OBSERVED TIME   RECORD YEAR NORMAL DEPARTURE LAST
                VALUE   (LST)  VALUE       VALUE  FROM      YEAR
                                                  NORMAL
..................................................................
TEMPERATURE (F)
 TODAY
  MAXIMUM         65    305 PM  88    1947  66     -1       48
  MINIMUM         37    518 AM  10    1965  35      2       38
  AVERAGE         51                        51      0       43

PRECIPITATION (IN)
  TODAY            0.00          0.38 2014   0.03  -0.03     0.38
  MONTH TO DATE    T                         0.20  -0.20     0.38
  SINCE OCT 1      3.62                      7.19  -3.57     6.62
  SINCE JAN 1      1.38                      4.13  -2.75     5.01

SNOWFALL (IN)
  TODAY            0.0           1.8  1988   0.0    0.0      0.0
  MONTH TO DATE    0.0                       0.2   -0.2      0.0
  SINCE MAR 1      2.9                       8.5   -5.6      7.9
  SINCE JUL 1     12.3                      41.0  -28.7     20.2
  SNOW DEPTH       0

DEGREE DAYS
 HEATING
  TODAY           14                        14      0       22
  MONTH TO DATE   43                        91    -48       60
  SINCE MAR 1   1251                      1494   -243     1404
  SINCE JUL 1   5259                      6662  -1403     6135

 COOLING
  TODAY            0                         0      0        0
  MONTH TO DATE    0                         0      0        0
  SINCE MAR 1      0                         0      0        0
  SINCE JAN 1      0                         0      0        0
..................................................................


WIND (MPH)
  HIGHEST WIND SPEED    21   HIGHEST WIND DIRECTION     W (270)
  HIGHEST GUST SPEED    29   HIGHEST GUST DIRECTION     W (270)



WEATHER CONDITIONS
 THE FOLLOWING WEATHER WAS RECORDED TODAY.
  NO SIGNIFICANT WEATHER WAS OBSERVED.


RELATIVE HUMIDITY (PERCENT)
 HIGHEST    65           100 AM
 LOWEST     19           300 PM
 AVERAGE    42

..........................................................


THE ELKO AIRPORT NV CLIMATE NORMALS FOR TOMORROW
                         NORMAL    RECORD    YEAR
 MAXIMUM TEMPERATURE (F)   66        87      1966
 MINIMUM TEMPERATURE (F)   36        17      2010


SUNRISE AND SUNSET
MAY  6 2015...........SUNRISE   536 AM PDT   SUNSET   745 PM PDT
MAY  7 2015...........SUNRISE   534 AM PDT   SUNSET   746 PM PDT


-  INDICATES NEGATIVE NUMBERS.
R  INDICATES RECORD WAS SET OR TIED.
MM INDICATES DATA IS MISSING.
T  INDICATES TRACE AMOUNT.




$$
