000
CDUS45 KLKN 020928
CLIEKO


CLIMATE REPORT
NATIONAL WEATHER SERVICE ELKO NV
227 AM PDT THU APR 2 2015


...................................

...THE ELKO AIRPORT NV CLIMATE SUMMARY FOR APRIL 1 2015...

CLIMATE NORMAL PERIOD 1981 TO 2010
CLIMATE RECORD PERIOD 1888 TO 2015


WEATHER ITEM   OBSERVED TIME   RECORD YEAR NORMAL DEPARTURE LAST
                VALUE   (LST)  VALUE       VALUE  FROM      YEAR
                                                  NORMAL
..................................................................
TEMPERATURE (F)
 YESTERDAY
  MAXIMUM         50    354 PM  79    1966  56     -6       40
  MINIMUM         22    534 AM  -2    1936  29     -7       26
  AVERAGE         36                        42     -6       33

PRECIPITATION (IN)
  YESTERDAY        0.00          0.62 1996   0.03  -0.03     0.23
  MONTH TO DATE    0.00                      0.03  -0.03     0.23
  SINCE OCT 1      2.89                      6.05  -3.16     5.47
  SINCE JAN 1      0.65                      2.99  -2.34     3.86

SNOWFALL (IN)
  YESTERDAY        0.0           3.5  1982   0.2   -0.2      2.6
  MONTH TO DATE    0.0                       0.2   -0.2      2.6
  SINCE MAR 1      0.7                       5.3   -4.6      7.9
  SINCE JUL 1     10.1                      37.8  -27.7     20.2
  SNOW DEPTH       0

DEGREE DAYS
 HEATING
  YESTERDAY       29                        23      6       32
  MONTH TO DATE   29                        23      6       32
  SINCE MAR 1    661                       832   -171      790
  SINCE JUL 1   4669                      6000  -1331     5521

 COOLING
  YESTERDAY        0                         0      0        0
  MONTH TO DATE    0                         0      0        0
  SINCE MAR 1      0                         0      0        0
  SINCE JAN 1      0                         0      0        0
..................................................................


WIND (MPH)
  HIGHEST WIND SPEED    17   HIGHEST WIND DIRECTION     W (280)
  HIGHEST GUST SPEED    21   HIGHEST GUST DIRECTION     W (280)
  AVERAGE WIND SPEED     6.0



WEATHER CONDITIONS
 THE FOLLOWING WEATHER WAS RECORDED YESTERDAY.
  NO SIGNIFICANT WEATHER WAS OBSERVED.


RELATIVE HUMIDITY (PERCENT)
 HIGHEST    81           600 AM
 LOWEST     14           300 PM
 AVERAGE    48

..........................................................


THE ELKO AIRPORT NV CLIMATE NORMALS FOR TODAY
                         NORMAL    RECORD    YEAR
 MAXIMUM TEMPERATURE (F)   56        74      1990
                                             1943
 MINIMUM TEMPERATURE (F)   29         5      1936


SUNRISE AND SUNSET
APRIL  2 2015.........SUNRISE   625 AM PDT   SUNSET   709 PM PDT
APRIL  3 2015.........SUNRISE   624 AM PDT   SUNSET   710 PM PDT


-  INDICATES NEGATIVE NUMBERS.
R  INDICATES RECORD WAS SET OR TIED.
MM INDICATES DATA IS MISSING.
T  INDICATES TRACE AMOUNT.




$$
