000
CDUS44 KEPZ 202327
CLIELP


CLIMATE REPORT
NATIONAL WEATHER SERVICE EL PASO, TX
526 PM MDT MON APR 20 2015


...................................

...THE EL PASO CLIMATE SUMMARY FOR APRIL 20 2015...
VALID TODAY AS OF 0500 PM LOCAL TIME.

CLIMATE NORMAL PERIOD 1981 TO 2010
CLIMATE RECORD PERIOD 1879 TO 2015


WEATHER ITEM   OBSERVED TIME   RECORD YEAR NORMAL DEPARTURE LAST
                VALUE   (LST)  VALUE       VALUE  FROM      YEAR
                                                  NORMAL
..................................................................
TEMPERATURE (F)
 TODAY
  MAXIMUM         81    342 PM  96    1989  80      1       79
  MINIMUM         51    416 AM  36    1975  52     -1       50
                                      1920

PRECIPITATION (IN)
  TODAY            0.00                      0.01  -0.01     0.00
  MONTH TO DATE    0.24                      0.15   0.09     0.45
  SINCE MAR 1      0.85                      0.41   0.44     0.63
  SINCE JAN 1      1.73                      1.27   0.46     0.63

SNOWFALL (IN)
  TODAY            0.0                                       0.0
  MONTH TO DATE    0.0                                       0.0
  SINCE JUL 1      T                                          T

..................................................................


WIND (MPH)
  HIGHEST WIND SPEED    13   HIGHEST WIND DIRECTION    NE (50)
  HIGHEST GUST SPEED    17   HIGHEST GUST DIRECTION     S (160)


SKY COVER
  AVERAGE SKY COVER 0.3


WEATHER CONDITIONS
 THE FOLLOWING WEATHER WAS RECORDED TODAY.
  NO SIGNIFICANT WEATHER WAS OBSERVED.


RELATIVE HUMIDITY (PERCENT)
 HIGHEST    46           400 AM
 LOWEST     10           300 PM

..........................................................


THE EL PASO CLIMATE NORMALS FOR TOMORROW
                         NORMAL    RECORD    YEAR
 MAXIMUM TEMPERATURE (F)   80        98      1989
 MINIMUM TEMPERATURE (F)   52        34      1977


SUNRISE AND SUNSET
APRIL 20 2015.........SUNRISE   632 AM MDT   SUNSET   738 PM MDT
APRIL 21 2015.........SUNRISE   630 AM MDT   SUNSET   739 PM MDT


-  INDICATES NEGATIVE NUMBERS.
R  INDICATES RECORD WAS SET OR TIED.
MM INDICATES DATA IS MISSING.
T  INDICATES TRACE AMOUNT.




$$
