000
CDUS46 KPQR 251147
CLIEUG


CLIMATE REPORT
NATIONAL WEATHER SERVICE PORTLAND OREGON
446 AM PDT SAT APR 25 2015


...................................

...THE EUGENE OR CLIMATE SUMMARY FOR APRIL 24 2015...

CLIMATE NORMAL PERIOD 1981 TO 2010
CLIMATE RECORD PERIOD 1892 TO 2015


WEATHER ITEM   OBSERVED TIME   RECORD YEAR NORMAL DEPARTURE LAST
                VALUE   (LST)  VALUE       VALUE  FROM      YEAR
                                                  NORMAL
..................................................................
TEMPERATURE (F)
 YESTERDAY
  MAXIMUM         57    312 PM  79    1927  62     -5       59
                                      1926
  MINIMUM         40   1237 AM  29    1924  40      0       44
  AVERAGE         49                        51     -2       52

PRECIPITATION (IN)
  YESTERDAY        0.11          0.63 1975   0.10   0.01     0.38
  MONTH TO DATE    1.41                      2.81  -1.40     1.60
  SINCE OCT 1     28.18                     38.90 -10.72    22.87
  SINCE JAN 1     11.13                     20.10  -8.97    18.68

SNOWFALL (IN)
  YESTERDAY       MM
  MONTH TO DATE    0.0
  SINCE MAR 1      0.0
  SINCE JUL 1      0.0

DEGREE DAYS
 HEATING
  YESTERDAY       16                        14      2       13
  MONTH TO DATE  379                       367     12      302
  SINCE MAR 1    811                       936   -125      787
  SINCE JUL 1   3373                      4263   -890     4354

 COOLING
  YESTERDAY        0                         0      0        0
  MONTH TO DATE    0                         0      0        0
  SINCE MAR 1      0                         0      0        0
  SINCE JAN 1      0                         0      0        0
..................................................................


WIND (MPH)
  HIGHEST WIND SPEED    20   HIGHEST WIND DIRECTION     W (260)
  HIGHEST GUST SPEED    25   HIGHEST GUST DIRECTION    SW (220)
  AVERAGE WIND SPEED     8.6


SKY COVER
  POSSIBLE SUNSHINE  MM
  AVERAGE SKY COVER 0.9


WEATHER CONDITIONS
 THE FOLLOWING WEATHER WAS RECORDED YESTERDAY.
  LIGHT RAIN
  FOG


RELATIVE HUMIDITY (PERCENT)
 HIGHEST    93          1100 PM
 LOWEST     66          1100 AM
 AVERAGE    80

..........................................................


THE EUGENE OR CLIMATE NORMALS FOR TODAY
                         NORMAL    RECORD    YEAR
 MAXIMUM TEMPERATURE (F)   63        82      1927
                                             1926
 MINIMUM TEMPERATURE (F)   40        31      1985
                                             1982
                                             1954


SUNRISE AND SUNSET
APRIL 25 2015.........SUNRISE   613 AM PDT   SUNSET   809 PM PDT
APRIL 26 2015.........SUNRISE   612 AM PDT   SUNSET   810 PM PDT


-  INDICATES NEGATIVE NUMBERS.
R  INDICATES RECORD WAS SET OR TIED.
MM INDICATES DATA IS MISSING.
T  INDICATES TRACE AMOUNT.




$$
