000
CDUS43 KPAH 032133
CLIEVV


CLIMATE REPORT
NATIONAL WEATHER SERVICE PADUCAH KY
432 PM CDT SUN MAY 3 2015


...................................

...THE EVANSVILLE IN CLIMATE SUMMARY FOR MAY 3 2015...
VALID TODAY AS OF 0400 PM LOCAL TIME.

CLIMATE NORMAL PERIOD 1981 TO 2010
CLIMATE RECORD PERIOD 1896 TO 2015


WEATHER ITEM   OBSERVED TIME   RECORD YEAR NORMAL DEPARTURE LAST
                VALUE   (LST)  VALUE       VALUE  FROM      YEAR
                                                  NORMAL
..................................................................
TEMPERATURE (F)
 TODAY
  MAXIMUM         80    259 PM  89    1959  73      7       72
  MINIMUM         53    213 AM  34    2005  50      3       45
  AVERAGE         67                        62      5       59

PRECIPITATION (IN)
  TODAY            0.00          2.46 1942   0.18  -0.18      T
  MONTH TO DATE    0.00                      0.51  -0.51      T
  SINCE MAR 1     13.47                      9.12   4.35    13.82
  SINCE JAN 1     19.00                     15.39   3.61    17.77

SNOWFALL (IN)
  TODAY            0.0                                       0.0
  MONTH TO DATE    0.0                                       0.0
  SINCE JUL 1     18.5                                      12.6
  SNOW DEPTH       0

..................................................................


WIND (MPH)
  HIGHEST WIND SPEED    20   HIGHEST WIND DIRECTION    SW (230)
  HIGHEST GUST SPEED    23   HIGHEST GUST DIRECTION    SW (230)




..........................................................


THE EVANSVILLE IN CLIMATE NORMALS FOR TOMORROW
                         NORMAL    RECORD    YEAR
 MAXIMUM TEMPERATURE (F)   74        91      1959
 MINIMUM TEMPERATURE (F)   51        32      1976


SUNRISE AND SUNSET
MAY  3 2015...........SUNRISE   552 AM CDT   SUNSET   743 PM CDT
MAY  4 2015...........SUNRISE   551 AM CDT   SUNSET   744 PM CDT


-  INDICATES NEGATIVE NUMBERS.
R  INDICATES RECORD WAS SET OR TIED.
MM INDICATES DATA IS MISSING.
T  INDICATES TRACE AMOUNT.




$$
