000
CDAK49 PAFG 270932
CLIFAI

CLIMATE REPORT
NATIONAL WEATHER SERVICE FAIRBANKS AK
132 AM AKDT MON APR 27 2015

...................................

...THE FAIRBANKS AK CLIMATE SUMMARY FOR APRIL 26 2015...

CLIMATE NORMAL PERIOD 1981 TO 2010
CLIMATE RECORD PERIOD 1904 TO 2015


WEATHER ITEM   OBSERVED TIME   RECORD YEAR NORMAL DEPARTURE LAST
                VALUE   (LST)  VALUE       VALUE  FROM      YEAR
                                                  NORMAL
..................................................................
TEMPERATURE (F)
 YESTERDAY
  MAXIMUM         60    328 PM  69    1994  52      8       61
  MINIMUM         31    433 AM   4    1924  29      2       29
  AVERAGE         46                        40      6       45

PRECIPITATION (IN)
  YESTERDAY        0.00          0.92 2002   0.01  -0.01     0.00
  MONTH TO DATE    0.16                      0.25  -0.09     0.20
  SINCE MAR 1      0.65                      0.50   0.15     0.41
  SINCE JAN 1      1.28                      1.50  -0.22     1.03

SNOWFALL (IN)
  YESTERDAY        0.0           4.4  2002   0.0    0.0      0.0
  MONTH TO DATE    2.1                       2.6   -0.5      2.9
  SINCE MAR 1     10.2                       7.5    2.7      6.0
  SINCE JUL 1     43.8                      63.8  -20.0     48.9
  SNOW DEPTH       0

DEGREE DAYS
 HEATING
  YESTERDAY       19                        25     -6       20
  MONTH TO DATE  762                       880   -118      852
  SINCE MAR 1   2289                      2540   -251     2428
  SINCE JUL 1  11756                     12930  -1174    11820

 COOLING
  YESTERDAY        0                         0      0        0
  MONTH TO DATE    0                         0      0        0
  SINCE MAR 1      0                         0      0        0
  SINCE JAN 1      0                         0      0        0
..................................................................


WIND (MPH)
  HIGHEST GUST SPEED    22   HIGHEST GUST DIRECTION    NE (50)


SKY COVER
  AVERAGE SKY COVER 0.5


WEATHER CONDITIONS
 THE FOLLOWING WEATHER WAS RECORDED YESTERDAY.
  NO SIGNIFICANT WEATHER WAS OBSERVED.


RELATIVE HUMIDITY (PERCENT)
 HIGHEST    72
 LOWEST     28
 AVERAGE    50

..........................................................


THE FAIRBANKS AK CLIMATE NORMALS FOR TODAY
                         NORMAL    RECORD    YEAR
 MAXIMUM TEMPERATURE (F)   52        70      2005
 MINIMUM TEMPERATURE (F)   29         7      1909


SUNRISE AND SUNSET
APRIL 27 2015..........SUNRISE  534 AM AKDT   SUNSET  1008 PM AKDT
APRIL 28 2015..........SUNRISE  530 AM AKDT   SUNSET  1011 PM AKDT


-  INDICATES NEGATIVE NUMBERS.
R  INDICATES RECORD WAS SET OR TIED.
MM INDICATES DATA IS MISSING.
T  INDICATES TRACE AMOUNT.

&&

SNOW DEPTH IS MEASURED AT 3AM AKST/4AM AKDT

----------------------------
AVAILABLE DAYLIGHT

AMOUNT OF DAYLIGHT TODAY  (HOUR:MIN)........16:34
GAIN SINCE YESTERDAY........................6 MINUTES
----------------------------

$$
CF APR 15
