000
CDUS46 KHNX 180821
CLIFAT


CLIMATE REPORT
NATIONAL WEATHER SERVICE SAN JOAQUIN VALLEY, CA
120 AM PDT SAT APR 18 2015


...................................

...THE FRESNO CA CLIMATE SUMMARY FOR APRIL 17 2015...

CLIMATE NORMAL PERIOD 1981 TO 2010
CLIMATE RECORD PERIOD 1887 TO 2015


WEATHER ITEM   OBSERVED TIME   RECORD YEAR NORMAL DEPARTURE
                VALUE   (LST)  VALUE       VALUE  FROM
                                                  NORMAL
...............................................................
TEMPERATURE (F)
 YESTERDAY
  MAXIMUM         84    441 PM  94    1980  75      9
                                      1954
                                      1946
  MINIMUM         53    553 AM  34    1896  50      3
  AVERAGE         69                        62      7

PRECIPITATION (IN)
  YESTERDAY        0.00          0.97 2000   0.03  -0.03
  MONTH TO DATE    0.56                      0.60  -0.04
  SINCE OCT 1      5.15                     10.32  -5.17
  SINCE JAN 1      1.96                      6.85  -4.89

SNOWFALL (IN)
  YESTERDAY        0.0
  MONTH TO DATE    0.0
  SINCE MAR 1      0.0
  SINCE JUL 1      0.0
  SNOW DEPTH       0

DEGREE DAYS
 HEATING
  YESTERDAY        0                               -4
  MONTH TO DATE   77                              -20
  SINCE MAR 1    160                             -202
  SINCE JUL 1   1486                             -788

 COOLING
  YESTERDAY        4                                2
  MONTH TO DATE   11                               -6
  SINCE MAR 1     69                               47
  SINCE JAN 1     69                               47
...............................................................


WIND (MPH)
  HIGHEST WIND SPEED    13   HIGHEST WIND DIRECTION    NW (310)
  HIGHEST GUST SPEED    16   HIGHEST GUST DIRECTION    SE (150)
  AVERAGE WIND SPEED     4.9




RELATIVE HUMIDITY (PERCENT)
 HIGHEST    47
 LOWEST     11
 AVERAGE    29

..........................................................


THE FRESNO CA CLIMATE NORMALS FOR TODAY
                         NORMAL    RECORD    YEAR
 MAXIMUM TEMPERATURE (F)   75        95      1910
 MINIMUM TEMPERATURE (F)   50        36      1941
                                             1933
                                             1892


SUNRISE AND SUNSET
APRIL 18 2015.........SUNRISE   621 AM PDT   SUNSET   736 PM PDT
APRIL 19 2015.........SUNRISE   620 AM PDT   SUNSET   737 PM PDT


-  INDICATES NEGATIVE NUMBERS.
R  INDICATES RECORD WAS SET OR TIED.
MM INDICATES DATA IS MISSING.
T  INDICATES TRACE AMOUNT.




$$
