000
CDUS43 KLMK 260628
CLIFFT


CLIMATE REPORT
NATIONAL WEATHER SERVICE LOUISVILLE KY
226 AM EDT SUN APR 26 2015


...................................

...THE FRANKFORT KY CLIMATE SUMMARY FOR APRIL 25 2015...

CLIMATE NORMAL PERIOD 1981 TO 2010
CLIMATE RECORD PERIOD 1895 TO 2015


WEATHER ITEM   OBSERVED TIME   RECORD YEAR NORMAL DEPARTURE LAST
                VALUE   (LST)  VALUE       VALUE  FROM      YEAR
                                                  NORMAL
..................................................................
TEMPERATURE (F)
 YESTERDAY
  MAXIMUM         56    313 PM  89    1948  70    -14       68
                                      1915
  MINIMUM         45   1159 PM  29    1919  46     -1       50
  AVERAGE         51                        58     -7       59

PRECIPITATION (IN)
  YESTERDAY        0.40          3.37 1975   0.14   0.26     0.75
  MONTH TO DATE   11.08                      2.98   8.10     3.81
  SINCE MAR 1     18.76                      7.36  11.40     6.03
  SINCE JAN 1     22.32                     13.91   8.41    12.23

SNOWFALL (IN)
  YESTERDAY       MM            MM      MM  MM     MM       MM
  MONTH TO DATE   MM                        MM     MM       MM
  SINCE MAR 1     MM                        MM     MM       MM
  SINCE JUL 1     MM                        MM     MM       MM
  SNOW DEPTH      MM

DEGREE DAYS
 HEATING
  YESTERDAY       14                         8      6        6
  MONTH TO DATE  210                       281    -71      241
  SINCE MAR 1    882                       906    -24      993
  SINCE JUL 1   5002                      4545    457     5105

 COOLING
  YESTERDAY        0                         1     -1        0
  MONTH TO DATE    8                        17     -9        8
  SINCE MAR 1      8                        19    -11        8
  SINCE JAN 1      8                        19    -11        8
..................................................................


WIND (MPH)
  HIGHEST WIND SPEED    15   HIGHEST WIND DIRECTION    NE (40)
  HIGHEST GUST SPEED    20   HIGHEST GUST DIRECTION    NE (60)
  AVERAGE WIND SPEED     8.0


SKY COVER
  POSSIBLE SUNSHINE  MM
  AVERAGE SKY COVER 1.0


WEATHER CONDITIONS
 THE FOLLOWING WEATHER WAS RECORDED YESTERDAY.
  THUNDERSTORM
  HEAVY RAIN
  RAIN
  LIGHT RAIN
  FOG


RELATIVE HUMIDITY (PERCENT)
 HIGHEST    96          1200 PM
 LOWEST     46          1200 AM
 AVERAGE    71

..........................................................


THE FRANKFORT KY CLIMATE NORMALS FOR TODAY
                         NORMAL    RECORD    YEAR
 MAXIMUM TEMPERATURE (F)   70        91      1915
 MINIMUM TEMPERATURE (F)   47        29      1919


SUNRISE AND SUNSET
APRIL 26 2015.........SUNRISE   650 AM EDT   SUNSET   826 PM EDT
APRIL 27 2015.........SUNRISE   648 AM EDT   SUNSET   827 PM EDT


-  INDICATES NEGATIVE NUMBERS.
R  INDICATES RECORD WAS SET OR TIED.
MM INDICATES DATA IS MISSING.
T  INDICATES TRACE AMOUNT.




$$
