000
CDUS45 KFGZ 210059
CLIFLG
CLIMATE REPORT
NATIONAL WEATHER SERVICE FLAGSTAFF, AZ
558 PM MST MON APR 20 2015


...................................

...THE FLAGSTAFF AZ AIRPORT CLIMATE SUMMARY FOR APRIL 20 2015...
VALID TODAY AS OF 0500 PM LOCAL TIME.

CLIMATE NORMAL PERIOD 1981 TO 2010
CLIMATE RECORD PERIOD 1898 TO 2015


WEATHER ITEM   OBSERVED TIME   RECORD YEAR NORMAL DEPARTURE LAST
                VALUE   (LST)  VALUE       VALUE  FROM      YEAR
                                                  NORMAL
..................................................................
TEMPERATURE (F)
 TODAY
  MAXIMUM         66    210 PM  78    1989  60      6       65
  MINIMUM         26    606 AM   8    1966  29     -3       31
  AVERAGE         46                        44      2       48

PRECIPITATION (IN)
  TODAY            0.00          0.56 1995   0.03  -0.03      T
  MONTH TO DATE    0.03                      0.86  -0.83     0.35
  SINCE SEP 1     15.90                     14.86   1.04     9.30
  SINCE JAN 1      8.07                      7.19   0.88     2.19

SNOWFALL (IN)
  TODAY            0.0           8.9  1995   0.2   -0.2      0.0
  MONTH TO DATE    0.3                       5.2   -4.9      3.6
  SINCE SEP 1     56.5                      99.1  -42.6     38.5
  SNOW DEPTH       0

DEGREE DAYS
 HEATING
  TODAY           19                        21     -2       17
  MONTH TO DATE  440                       460    -20      435
  SINCE JUL 1   5198                      6167   -969     5797

 COOLING
  TODAY            0                         0      0        0
  MONTH TO DATE    0                         0      0        0
  SINCE JAN 1      0                         0      0        0
..................................................................


WIND (MPH)
  HIGHEST WIND SPEED    21   HIGHEST WIND DIRECTION    SW (210)
  HIGHEST GUST SPEED    29   HIGHEST GUST DIRECTION     W (260)
  AVERAGE WIND SPEED     4.3


SKY COVER
  POSSIBLE SUNSHINE  MM
  AVERAGE SKY COVER 0.3


WEATHER CONDITIONS
 THE FOLLOWING WEATHER WAS RECORDED TODAY.
  NO SIGNIFICANT WEATHER WAS OBSERVED.


RELATIVE HUMIDITY (PERCENT)
 HIGHEST    85          1200 AM
 LOWEST     16          1000 AM
 AVERAGE    51

..........................................................


THE FLAGSTAFF AZ AIRPORT CLIMATE NORMALS FOR TOMORROW
                         NORMAL    RECORD    YEAR
 MAXIMUM TEMPERATURE (F)   60        78      1989
 MINIMUM TEMPERATURE (F)   30        12      1972


SUNRISE AND SUNSET
APRIL 20 2015.........SUNRISE   548 AM MST   SUNSET   703 PM MST
APRIL 21 2015.........SUNRISE   547 AM MST   SUNSET   704 PM MST


-  INDICATES NEGATIVE NUMBERS.
R  INDICATES RECORD WAS SET OR TIED.
MM INDICATES DATA IS MISSING.
T  INDICATES TRACE AMOUNT.




$$


&&

-------------------------------------------------------------------
SNOW DEPTH DATA FOR FLAGSTAFF AIRPORT IS REPORTED AT 5 AM MST


-------------------------------------------------------------------
SUPPLEMENTARY CLIMATE DATA FOR NWS BELLEMONT, ARIZONA

SNOW DEPTH (IN) AT 11 AM........................................ 0
WATER EQUIVALENT OF SNOW PACK (IN) AT 11 AM*...................
* ONLY MEASURED IF SNOW DEPTH IS 2.0 INCHES OR GREATER
-------------------------------------------------------------------
