000
CDUS42 KMFL 060851
CLIFLL


CLIMATE REPORT
NATIONAL WEATHER SERVICE MIAMI, FL
450 AM EDT WED MAY 6 2015


...................................

...THE FORT LAUDERDALE CLIMATE SUMMARY FOR MAY 5 2015...

CLIMATE NORMAL PERIOD 1981 TO 2010
CLIMATE RECORD PERIOD 1839 TO 2015


WEATHER ITEM   OBSERVED TIME   RECORD YEAR NORMAL DEPARTURE LAST
                VALUE   (LST)  VALUE       VALUE  FROM      YEAR
                                                  NORMAL
..................................................................
TEMPERATURE (F)
 YESTERDAY
  MAXIMUM         79    412 PM  91    2002  85     -6       85
                                      1959
                                      1954
  MINIMUM         71    457 AM  49    1921  72     -1       69
  AVERAGE         75                        79     -4       77

PRECIPITATION (IN)
  YESTERDAY        0.73          2.04 1946   0.09   0.64     0.00
  MONTH TO DATE    0.73                      0.36   0.37     1.81
  SINCE NOV 1     17.92                     18.90  -0.98    26.32
  SINCE JAN 1     12.81                     13.20  -0.39    14.20

SNOWFALL (IN)
  YESTERDAY        0.0
  MONTH TO DATE    0.0
  SINCE MAR 1      0.0
  SINCE JUL 1      0.0
  SNOW DEPTH       0

DEGREE DAYS
 HEATING
  YESTERDAY        0                         0      0        0
  MONTH TO DATE    0                         0      0        0
  SINCE MAR 1      0                        10    -10        1
  SINCE JUL 1     97                       112    -15       81

 COOLING
  YESTERDAY       10                        14     -4       12
  MONTH TO DATE   53                        66    -13       77
  SINCE MAR 1    833                       657    176      741
  SINCE JAN 1   1114                      1013    101     1129
..................................................................


WIND (MPH)
  HIGHEST WIND SPEED    25   HIGHEST WIND DIRECTION     E (80)
  HIGHEST GUST SPEED    31   HIGHEST GUST DIRECTION     E (90)
  AVERAGE WIND SPEED    10.5


SKY COVER
  AVERAGE SKY COVER 0.9


WEATHER CONDITIONS
 THE FOLLOWING WEATHER WAS RECORDED YESTERDAY.
  THUNDERSTORM
  HEAVY RAIN
  RAIN
  LIGHT RAIN
  FOG


RELATIVE HUMIDITY (PERCENT)
 HIGHEST    93
 LOWEST     73
 AVERAGE    83

..........................................................


THE FORT LAUDERDALE CLIMATE NORMALS FOR TODAY
                         NORMAL    RECORD    YEAR
 MAXIMUM TEMPERATURE (F)   85        91      1978
 MINIMUM TEMPERATURE (F)   73        51      1921


SUNRISE AND SUNSET
MAY  6 2015...........SUNRISE   640 AM EDT   SUNSET   755 PM EDT
MAY  7 2015...........SUNRISE   639 AM EDT   SUNSET   755 PM EDT


-  INDICATES NEGATIVE NUMBERS.
R  INDICATES RECORD WAS SET OR TIED.
MM INDICATES DATA IS MISSING.
T  INDICATES TRACE AMOUNT.




$$
