000
CDUS42 KILM 192043
CLIFLO


CLIMATE REPORT
NATIONAL WEATHER SERVICE WILMINGTON NC
443 PM EDT SUN APR 19 2015


...................................

...THE FLORENCE SC CLIMATE SUMMARY FOR APRIL 19 2015...
VALID TODAY AS OF 0400 PM LOCAL TIME.

CLIMATE NORMAL PERIOD 1981 TO 2010
CLIMATE RECORD PERIOD 1948 TO 2015


WEATHER ITEM   OBSERVED TIME   RECORD YEAR NORMAL DEPARTURE LAST
                VALUE   (LST)  VALUE       VALUE  FROM      YEAR
                                                  NORMAL
..................................................................
TEMPERATURE (F)
 TODAY
  MAXIMUM         73    259 PM  92    1995  77     -4       56
  MINIMUM         65    659 AM  32    1983  52     13       50
  AVERAGE         69                        64      5       53

PRECIPITATION (IN)
  TODAY            0.19          1.14 2014   0.08   0.11     1.14
  MONTH TO DATE    2.47                      1.63   0.84     3.72
  SINCE MAR 1      5.87                      4.96   0.91     8.27
  SINCE JAN 1     12.80                     11.11   1.69    13.99

SNOWFALL (IN)
  TODAY           MM
  MONTH TO DATE   MM
  SINCE MAR 1     MM
  SINCE JUL 1     MM
  SNOW DEPTH      MM

DEGREE DAYS
 HEATING
  TODAY            0                         3     -3       12
  MONTH TO DATE   26                        95    -69       78
  SINCE MAR 1    278                       405   -127      521
  SINCE JUL 1   2516                      2471     45     2650

 COOLING
  TODAY            4                         2      2        0
  MONTH TO DATE   81                        35     46       36
  SINCE MAR 1    105                        53     52       40
  SINCE JAN 1    108                        59     49       46
..................................................................


WIND (MPH)
  HIGHEST WIND SPEED    16   HIGHEST WIND DIRECTION    SE (140)
  HIGHEST GUST SPEED    20   HIGHEST GUST DIRECTION    SE (140)
  AVERAGE WIND SPEED     5.0


SKY COVER
  POSSIBLE SUNSHINE  MM
  AVERAGE SKY COVER 0.9


WEATHER CONDITIONS
 THE FOLLOWING WEATHER WAS RECORDED TODAY.
  RAIN
  LIGHT RAIN
  FOG


RELATIVE HUMIDITY (PERCENT)
 HIGHEST    93          1200 AM
 LOWEST     84           900 AM
 AVERAGE    89

..........................................................


THE FLORENCE SC CLIMATE NORMALS FOR TOMORROW
                         NORMAL    RECORD    YEAR
 MAXIMUM TEMPERATURE (F)   77        93      2002
 MINIMUM TEMPERATURE (F)   52        27      1983


SUNRISE AND SUNSET
APRIL 19 2015.........SUNRISE   643 AM EDT   SUNSET   753 PM EDT
APRIL 20 2015.........SUNRISE   642 AM EDT   SUNSET   754 PM EDT


-  INDICATES NEGATIVE NUMBERS.
R  INDICATES RECORD WAS SET OR TIED.
MM INDICATES DATA IS MISSING.
T  INDICATES TRACE AMOUNT.




$$
