000
CDUS42 KTBW 280829
CLIFMY


CLIMATE REPORT
NATIONAL WEATHER SERVICE TAMPA BAY FL
427 AM EDT TUE APR 28 2015


...................................

...THE FORT MYERS CLIMATE SUMMARY FOR APRIL 27 2015...

CLIMATE NORMAL PERIOD 1981 TO 2010
CLIMATE RECORD PERIOD 1902 TO 2015


WEATHER ITEM   OBSERVED TIME   RECORD YEAR NORMAL DEPARTURE LAST
                VALUE   (LST)  VALUE       VALUE  FROM      YEAR
                                                  NORMAL
..................................................................
TEMPERATURE (F)
 YESTERDAY
  MAXIMUM         93    235 PM  95    1945  87      6       91
  MINIMUM         77   1159 PM  53    1910  65     12       68
  AVERAGE         85                        76      9       80

PRECIPITATION (IN)
  YESTERDAY        0.00          2.04 2005   0.06  -0.06     0.00
  MONTH TO DATE    0.92                      1.97  -1.05     0.93
  SINCE MAR 1      2.41                      4.85  -2.44     4.12
  SINCE JAN 1      5.60                      8.94  -3.34     7.56

DEGREE DAYS
 HEATING
  YESTERDAY        0                         0      0        0
  MONTH TO DATE    0                         0      0        0
  SINCE MAR 1      0                        24    -24        9
  SINCE JUL 1    231                       284    -53      178

 COOLING
  YESTERDAY       20                        11      9       15
  MONTH TO DATE  386                       235    151      256
  SINCE MAR 1    691                       411    280      417
  SINCE JAN 1    839                       596    243      678
..................................................................


WIND (MPH)
  RESULTANT WIND SPEED   5   RESULTANT WIND DIRECTION   W (270)
  HIGHEST WIND SPEED    14   HIGHEST WIND DIRECTION    NW (300)
  HIGHEST GUST SPEED    17   HIGHEST GUST DIRECTION     W (280)
  AVERAGE WIND SPEED     7.8


SKY COVER
  POSSIBLE SUNSHINE  MM
  AVERAGE SKY COVER 0.3


WEATHER CONDITIONS
 THE FOLLOWING WEATHER WAS RECORDED YESTERDAY.
  FOG


RELATIVE HUMIDITY (PERCENT)
 HIGHEST    91           100 AM
 LOWEST     47           200 PM

..........................................................


THE FORT MYERS CLIMATE NORMALS FOR TODAY
                         NORMAL    RECORD    YEAR
 MAXIMUM TEMPERATURE (F)   87        93      1986
                                             1944
 MINIMUM TEMPERATURE (F)   65        51      1977
                                             1913


SUNRISE AND SUNSET
APRIL 28 2015.........SUNRISE   652 AM EDT   SUNSET   758 PM EDT
APRIL 29 2015.........SUNRISE   651 AM EDT   SUNSET   759 PM EDT


-  INDICATES NEGATIVE NUMBERS.
R  INDICATES RECORD WAS SET OR TIED.
MM INDICATES DATA IS MISSING.
T  INDICATES TRACE AMOUNT.




$$


&&
------------------------------------------------------------------
******************** SUPPLEMENTAL DATA ***************************

...GULF WATER TEMPERATURE AT FORT MYERS BEACH 85 DEGREES.
