000
CDUS44 KSHV 040732
CLIGGG


CLIMATE REPORT
NATIONAL WEATHER SERVICE SHREVEPORT, LA
232 AM CDT MON MAY 4 2015


...................................

...THE LONGVIEW CLIMATE SUMMARY FOR MAY 3 2015...

CLIMATE NORMAL PERIOD 1981 TO 2010
CLIMATE RECORD PERIOD 1902 TO 2015


WEATHER ITEM   OBSERVED TIME   RECORD YEAR NORMAL DEPARTURE LAST
                VALUE   (LST)  VALUE       VALUE  FROM      YEAR
                                                  NORMAL
..................................................................
TEMPERATURE (F)
 YESTERDAY
  MAXIMUM         82    352 PM  94    1943  81      1       87
  MINIMUM         60    555 AM  39    1921  59      1       46
  AVERAGE         71                        70      1       67

PRECIPITATION (IN)
  YESTERDAY        0.00          7.00 1991   0.16  -0.16     0.00
  MONTH TO DATE    0.00                      0.50  -0.50     0.00
  SINCE DEC 1     25.54                     19.92   5.62    13.19
  SINCE JAN 1     23.24                     15.43   7.81     9.04

SNOWFALL (IN)
  YESTERDAY        0.0
  MONTH TO DATE    0.0
  SINCE MAR 1      0.2
  SINCE JUL 1      3.1
  SNOW DEPTH       0

DEGREE DAYS
 HEATING
  YESTERDAY        0                         1     -1        0
  MONTH TO DATE    0                         3     -3       10
  SINCE MAR 1    309                       348    -39      474
  SINCE JUL 1   2282                      2252     30     2598

 COOLING
  YESTERDAY        6                         5      1        2
  MONTH TO DATE   16                        15      1        2
  SINCE MAR 1    179                       126     53      107
  SINCE JAN 1    179                       138     41      112
..................................................................


WIND (MPH)
  HIGHEST WIND SPEED    20   HIGHEST WIND DIRECTION     S (180)
  HIGHEST GUST SPEED    27   HIGHEST GUST DIRECTION     S (160)
  AVERAGE WIND SPEED     8.5


SKY COVER
  POSSIBLE SUNSHINE  MM
  AVERAGE SKY COVER 0.1


WEATHER CONDITIONS
 THE FOLLOWING WEATHER WAS RECORDED YESTERDAY.
  NO SIGNIFICANT WEATHER WAS OBSERVED.


RELATIVE HUMIDITY (PERCENT)
 HIGHEST    84           300 AM
 LOWEST     42           200 PM
 AVERAGE    63

..........................................................


THE LONGVIEW CLIMATE NORMALS FOR TODAY
                         NORMAL    RECORD    YEAR
 MAXIMUM TEMPERATURE (F)   81        97      1943
 MINIMUM TEMPERATURE (F)   59        38      2013


SUNRISE AND SUNSET
MAY  4 2015...........SUNRISE   630 AM CDT   SUNSET   802 PM CDT
MAY  5 2015...........SUNRISE   629 AM CDT   SUNSET   803 PM CDT


-  INDICATES NEGATIVE NUMBERS.
R  INDICATES RECORD WAS SET OR TIED.
MM INDICATES DATA IS MISSING.
T  INDICATES TRACE AMOUNT.




$$
