000
CDUS45 KGGW 260742
CLIGGW


CLIMATE REPORT
NATIONAL WEATHER SERVICE GLASGOW MT
140 AM MDT SUN APR 26 2015


...................................

...THE GLASGOW MT CLIMATE SUMMARY FOR APRIL 25 2015...

CLIMATE NORMAL PERIOD 1981 TO 2010
CLIMATE RECORD PERIOD 1893 TO 2015


WEATHER ITEM   OBSERVED TIME   RECORD YEAR NORMAL DEPARTURE LAST
                VALUE   (LST)  VALUE       VALUE  FROM      YEAR
                                                  NORMAL
..................................................................
TEMPERATURE (F)
 YESTERDAY
  MAXIMUM         52    101 AM  91    1952  62    -10       67
  MINIMUM         38   1159 PM  13    2002  35      3       35
  AVERAGE         45                        48     -3       51

PRECIPITATION (IN)
  YESTERDAY        0.69          1.03 1998   0.04   0.65     0.00
  MONTH TO DATE    1.08                      0.66   0.42     0.32
  SINCE OCT 1      4.15                      3.26   0.89     2.83
  SINCE JAN 1      2.89                      1.71   1.18     1.38

SNOWFALL (IN)
  YESTERDAY        0.0           1.2  1960   0.0    0.0      0.0
  MONTH TO DATE    5.3                       1.7    3.6      0.0
  SINCE MAR 1      8.1                       6.4    1.7      6.6
  SINCE JUL 1     43.2                      33.4    9.8     30.4
  SNOW DEPTH       0

DEGREE DAYS
 HEATING
  YESTERDAY       20                        17      3       14
  MONTH TO DATE  509                       524    -15      564
  SINCE MAR 1   1280                      1558   -278     1718
  SINCE JUL 1   7364                      7928   -564     8366

 COOLING
  YESTERDAY        0                         0      0        0
  MONTH TO DATE    0                         0      0        0
  SINCE MAR 1      0                         0      0        0
  SINCE JAN 1      0                         0      0        0
..................................................................


WIND (MPH)
  HIGHEST WIND SPEED    29   HIGHEST WIND DIRECTION    NW (320)
  HIGHEST GUST SPEED    35   HIGHEST GUST DIRECTION    NW (320)
  AVERAGE WIND SPEED    12.8


SKY COVER
  POSSIBLE SUNSHINE  MM
  AVERAGE SKY COVER 0.9


WEATHER CONDITIONS
 THE FOLLOWING WEATHER WAS RECORDED YESTERDAY.
  HEAVY RAIN
  RAIN
  LIGHT RAIN
  FOG


RELATIVE HUMIDITY (PERCENT)
 HIGHEST    96           100 PM
 LOWEST     46          1200 AM
 AVERAGE    71

..........................................................


THE GLASGOW MT CLIMATE NORMALS FOR TODAY
                         NORMAL    RECORD    YEAR
 MAXIMUM TEMPERATURE (F)   62        93      1952
 MINIMUM TEMPERATURE (F)   35        17      1931


SUNRISE AND SUNSET
APRIL 26 2015.........SUNRISE   557 AM MDT   SUNSET   813 PM MDT
APRIL 27 2015.........SUNRISE   555 AM MDT   SUNSET   814 PM MDT


-  INDICATES NEGATIVE NUMBERS.
R  INDICATES RECORD WAS SET OR TIED.
MM INDICATES DATA IS MISSING.
T  INDICATES TRACE AMOUNT.




$$
