000
CDUS45 KMSO 042244
CLIGPI


CLIMATE REPORT
NATIONAL WEATHER SERVICE MISSOULA, MT
442 PM MDT MON MAY 4 2015


...................................

...THE KALISPELL MT CLIMATE SUMMARY FOR MAY 4 2015...
VALID TODAY AS OF 0400 PM LOCAL TIME.

CLIMATE NORMAL PERIOD 1981 TO 2010
CLIMATE RECORD PERIOD 1894 TO 2015


WEATHER ITEM   OBSERVED TIME   RECORD YEAR NORMAL DEPARTURE LAST
                VALUE   (LST)  VALUE       VALUE  FROM      YEAR
                                                  NORMAL
..................................................................
TEMPERATURE (F)
 TODAY
  MAXIMUM         73    244 PM  81    1897  62     11       59
  MINIMUM         30    449 AM  22    1963  35     -5       39
  AVERAGE         52                        48      4       49

PRECIPITATION (IN)
  TODAY            0.00          0.46 1932   0.04  -0.04     0.02
  MONTH TO DATE    0.00                      0.18  -0.18     0.12
  SINCE OCT 1     11.62                      8.81   2.81    10.62
  SINCE JAN 1      5.54                      4.81   0.73     6.17

SNOWFALL (IN)
  TODAY            0.0
  MONTH TO DATE    0.0
  SINCE JAN 1     32.9
  SINCE JUL 1     59.4
  SNOW DEPTH       0

DEGREE DAYS
 HEATING
  TODAY           13                        17     -4       16
  MONTH TO DATE   56                        69    -13       52
  SINCE MAR 1   1480                      1628   -148     1668
  SINCE JUL 1   6930                      7480   -550     7602

 COOLING
  TODAY            0                         0      0        0
  MONTH TO DATE    0                         0      0        0
  SINCE MAR 1      0                         0      0        0
  SINCE JAN 1      0                         0      0        0
..................................................................


WIND (MPH)
  HIGHEST WIND SPEED    16   HIGHEST WIND DIRECTION     S (170)
  HIGHEST GUST SPEED    20   HIGHEST GUST DIRECTION     S (160)
  AVERAGE WIND SPEED     5.5


SKY COVER
  POSSIBLE SUNSHINE  MM
  AVERAGE SKY COVER 0.0


WEATHER CONDITIONS
 THE FOLLOWING WEATHER WAS RECORDED TODAY.
  NO SIGNIFICANT WEATHER WAS OBSERVED.


RELATIVE HUMIDITY (PERCENT)
 HIGHEST    85           300 AM
 LOWEST     12           300 PM
 AVERAGE    49

..........................................................


THE KALISPELL MT CLIMATE NORMALS FOR TOMORROW
                         NORMAL    RECORD    YEAR
 MAXIMUM TEMPERATURE (F)   62        85      1966
 MINIMUM TEMPERATURE (F)   35        26      2006
                                             1965


SUNRISE AND SUNSET
MAY  4 2015...........SUNRISE   614 AM MDT   SUNSET   855 PM MDT
MAY  5 2015...........SUNRISE   612 AM MDT   SUNSET   856 PM MDT


-  INDICATES NEGATIVE NUMBERS.
R  INDICATES RECORD WAS SET OR TIED.
MM INDICATES DATA IS MISSING.
T  INDICATES TRACE AMOUNT.




$$
