000
CDUS45 KTFX 190733
CLIGTF


CLIMATE REPORT
NATIONAL WEATHER SERVICE GREAT FALLS MT
132 AM MDT SUN APR 19 2015


...................................

...THE GREAT FALLS MT CLIMATE SUMMARY FOR APRIL 18 2015...

CLIMATE NORMAL PERIOD 1981 TO 2010
CLIMATE RECORD PERIOD 1886 TO 2015


WEATHER ITEM   OBSERVED TIME   RECORD YEAR NORMAL DEPARTURE LAST
                VALUE   (LST)  VALUE       VALUE  FROM      YEAR
                                                  NORMAL
..................................................................
TEMPERATURE (F)
 YESTERDAY
  MAXIMUM         48    521 PM  86    1936  56     -8       56
  MINIMUM         33   1111 AM   6    1951  31      2       34
  AVERAGE         41                        44     -3       45

PRECIPITATION (IN)
  YESTERDAY        0.22          1.22 1993   0.04   0.18     0.04
  MONTH TO DATE    0.75                      0.80  -0.05     0.56
  SINCE OCT 1      5.19                      4.69   0.50     6.34
  SINCE JAN 1      2.24                      2.69  -0.45     4.29

SNOWFALL (IN)
  YESTERDAY        T             2.5  2007   0.3   -0.3      0.0
  MONTH TO DATE    0.8                       5.6   -4.8      2.4
  SINCE MAR 1      1.6                      17.5  -15.9     15.2
  SINCE JUL 1     57.9                      57.5    0.4     72.7
  SNOW DEPTH       0

DEGREE DAYS
 HEATING
  YESTERDAY       24                        21      3       20
  MONTH TO DATE  421                       425     -4      417
  SINCE MAR 1   1077                      1378   -301     1501
  SINCE JUL 1   6215                      6883   -668     7155

 COOLING
  YESTERDAY        0                         0      0        0
  MONTH TO DATE    0                         0      0        0
  SINCE MAR 1      0                         0      0        0
  SINCE JAN 1      0                         0      0        0
..................................................................


WIND (MPH)
  HIGHEST WIND SPEED    29   HIGHEST WIND DIRECTION     N (340)
  HIGHEST GUST SPEED    33   HIGHEST GUST DIRECTION     N (340)
  AVERAGE WIND SPEED     9.2


SKY COVER
  AVERAGE SKY COVER 0.7


WEATHER CONDITIONS
 THE FOLLOWING WEATHER WAS RECORDED YESTERDAY.
  RAIN
  LIGHT RAIN
  LIGHT SNOW
  FOG


RELATIVE HUMIDITY (PERCENT)
 HIGHEST    96          1100 AM
 LOWEST     49           500 PM
 AVERAGE    73

..........................................................


THE GREAT FALLS MT CLIMATE NORMALS FOR TODAY
                         NORMAL    RECORD    YEAR
 MAXIMUM TEMPERATURE (F)   57        83      1962
 MINIMUM TEMPERATURE (F)   31         6      1951


SUNRISE AND SUNSET
APRIL 19 2015.........SUNRISE   630 AM MDT   SUNSET   820 PM MDT
APRIL 20 2015.........SUNRISE   628 AM MDT   SUNSET   822 PM MDT


-  INDICATES NEGATIVE NUMBERS.
R  INDICATES RECORD WAS SET OR TIED.
MM INDICATES DATA IS MISSING.
T  INDICATES TRACE AMOUNT.




$$
