000
CDUS44 KAMA 040643
CLIGUY


CLIMATE REPORT
NATIONAL WEATHER SERVICE AMARILLO TX
142 AM CDT MON MAY 4 2015


...................................

...THE GUYMON CLIMATE SUMMARY FOR MAY 3 2015...

CLIMATE NORMAL PERIOD 1981 TO 2010
CLIMATE RECORD PERIOD 1998 TO 2015


WEATHER ITEM   OBSERVED TIME   RECORD YEAR NORMAL DEPARTURE LAST
                VALUE   (LST)  VALUE       VALUE  FROM      YEAR
                                                  NORMAL
..................................................................
TEMPERATURE (F)
 YESTERDAY
  MAXIMUM         89    320 PM  MM      MM  76     13       92
  MINIMUM         51    402 AM  MM      MM  46      5       46
  AVERAGE         70                        61      9       69

PRECIPITATION (IN)
  YESTERDAY        0.14         MM      MM   0.06   0.08     0.00
  MONTH TO DATE    0.14                      0.13   0.01     0.00
  SINCE MAR 1      2.61                      3.07  -0.46     0.76
  SINCE JAN 1      4.56                      3.94   0.62     1.10

SNOWFALL (IN)
  YESTERDAY        0.0          MM      MM  MM     MM       MM
  MONTH TO DATE    0.0                      MM     MM        0.0
  SINCE MAR 1      2.0                      MM     MM        3.5
  SINCE JUL 1     23.3                      MM     MM       16.2
  SNOW DEPTH       0

DEGREE DAYS
 HEATING
  YESTERDAY        0                         5     -5        0
  MONTH TO DATE    0                        17    -17       23
  SINCE MAR 1    666                       903   -237      912
  SINCE JUL 1   3883                      4370   -487     4478

 COOLING
  YESTERDAY        5                         1      4        4
  MONTH TO DATE   13                         3     10        4
  SINCE MAR 1     30                        18     12       32
  SINCE JAN 1     30                        18     12       32
..................................................................


WIND (MPH)
  RESULTANT WIND SPEED   5   RESULTANT WIND DIRECTION  SW (210)
  HIGHEST WIND SPEED    31   HIGHEST WIND DIRECTION    SW (240)
  HIGHEST GUST SPEED    41   HIGHEST GUST DIRECTION     S (200)
  AVERAGE WIND SPEED     8.7


SKY COVER
  AVERAGE SKY COVER 0.2


WEATHER CONDITIONS
 THE FOLLOWING WEATHER WAS RECORDED YESTERDAY.
  THUNDERSTORM
  RAIN
  LIGHT RAIN


RELATIVE HUMIDITY (PERCENT)
 HIGHEST    78          1100 PM
 LOWEST     20           400 PM
 AVERAGE    49

..........................................................


THE GUYMON CLIMATE NORMALS FOR TODAY
                         NORMAL    RECORD    YEAR
 MAXIMUM TEMPERATURE (F)   76        MM        MM
 MINIMUM TEMPERATURE (F)   46        MM        MM


SUNRISE AND SUNSET
MAY  4 2015...........SUNRISE   649 AM CDT   SUNSET   837 PM CDT
MAY  5 2015...........SUNRISE   648 AM CDT   SUNSET   838 PM CDT


-  INDICATES NEGATIVE NUMBERS.
R  INDICATES RECORD WAS SET OR TIED.
MM INDICATES DATA IS MISSING.
T  INDICATES TRACE AMOUNT.




$$
