000
CDUS41 KGYX 040835
CLIGYX


CLIMATE REPORT
NATIONAL WEATHER SERVICE GRAY ME
435 AM EDT MON MAY 4 2015


...................................

...THE GRAY ME CLIMATE SUMMARY FOR MAY 3 2015...

CLIMATE NORMAL PERIOD 1981 TO 2010
CLIMATE RECORD PERIOD 1995 TO 2015


WEATHER ITEM   OBSERVED TIME   RECORD YEAR NORMAL DEPARTURE LAST
                VALUE   (LST)  VALUE       VALUE  FROM      YEAR
                                                  NORMAL
..................................................................
TEMPERATURE (F)
 YESTERDAY
  MAXIMUM         63        MM  91    2001  61      2       64
  MINIMUM         36        MM  MM      MM  41     -5       42
  AVERAGE         50                        51     -1       53

PRECIPITATION (IN)
  YESTERDAY        0.00         MM      MM   0.13  -0.13      T
  MONTH TO DATE    0.00                      0.38  -0.38     0.78
  SINCE MAR 1      5.01                      8.93  -3.92     7.67
  SINCE JAN 1     10.98                     15.77  -4.79    14.66

SNOWFALL (IN)
  YESTERDAY        0.0          MM      MM   0.1   -0.1      0.0
  MONTH TO DATE    0.0                       0.1   -0.1      0.0
  SINCE MAR 1      8.2                      24.8  -16.6      8.9
  SINCE JUL 1    107.3                      83.9   23.4     83.0
  SNOW DEPTH       0

DEGREE DAYS
 HEATING
  YESTERDAY       15                        14      1       12
  MONTH TO DATE   51                        43      8       40
  SINCE MAR 1   1829                      1660    169     1932
  SINCE JUL 1   7305                      6818    487     7342

 COOLING
  YESTERDAY        0                         0      0        0
  MONTH TO DATE    0                         0      0        0
  SINCE MAR 1      0                         1     -1        0
  SINCE JAN 1      0                         1     -1        0
..................................................................







THE GRAY ME CLIMATE NORMALS FOR TODAY
                         NORMAL
 MAXIMUM TEMPERATURE (F)   61
 MINIMUM TEMPERATURE (F)   42


SUNRISE AND SUNSET
MAY  4 2015...........SUNRISE   529 AM EDT   SUNSET   747 PM EDT
MAY  5 2015...........SUNRISE   528 AM EDT   SUNSET   748 PM EDT


-  INDICATES NEGATIVE NUMBERS.
R  INDICATES RECORD WAS SET OR TIED.
MM INDICATES DATA IS MISSING.
T  INDICATES TRACE AMOUNT.




$$
