000
CDUS46 KHNX 070021
CLIHJO


CLIMATE REPORT
NATIONAL WEATHER SERVICE SAN JOAQUIN VALLEY, CA
520 PM PDT WED MAY 6 2015


...................................

...THE HANFORD CA CLIMATE SUMMARY FOR MAY 6 2015...
VALID AS OF 0500 PM LOCAL TIME.

CLIMATE NORMAL PERIOD 1981 TO 2010
CLIMATE RECORD PERIOD 1998 TO 2015


WEATHER ITEM   OBSERVED TIME   RECORD YEAR NORMAL DEPARTURE LAST
                VALUE   (LST)  VALUE       VALUE  FROM      YEAR
                                                  NORMAL
..................................................................
TEMPERATURE (F)
 TODAY
  MAXIMUM         78    357 PM  94    2011  81     -3       71
  MINIMUM         49    536 AM  42    2007  52     -3       51
  AVERAGE         64                        66     -2       61

PRECIPITATION (IN)
  TODAY            0.00          T    2005   0.02  -0.02      T
                                      2005
                                      2014
  MONTH TO DATE    0.00                      0.12  -0.12      T
  SINCE OCT 1      4.97                      9.44  -4.47     2.81
  SINCE JAN 1      1.85                      6.31  -4.46     2.43

SNOWFALL (IN)
  TODAY            0.0
  MONTH TO DATE    0.0
  SINCE MAR 1      0.0
  SINCE JUL 1      0.0
  SNOW DEPTH       0

DEGREE DAYS
 HEATING
  TODAY            1                                         4
  MONTH TO DATE    1                                         4
  SINCE MAR 1    151                                       269
  SINCE JUL 1   1693                                      2046

 COOLING
  TODAY            0                                         0
  MONTH TO DATE   38                                        33
  SINCE MAR 1    191                                       108
  SINCE JAN 1    191                                       108
..................................................................


WIND (MPH)
  HIGHEST WIND SPEED    12   HIGHEST WIND DIRECTION    NW (320)
  HIGHEST GUST SPEED    17   HIGHEST GUST DIRECTION    NW (310)
  AVERAGE WIND SPEED     3.5




RELATIVE HUMIDITY (PERCENT)
 HIGHEST    74
 LOWEST     20
 AVERAGE    47

..........................................................


THE HANFORD CA CLIMATE NORMALS FOR TOMORROW
                         NORMAL    RECORD    YEAR
 MAXIMUM TEMPERATURE (F)   82        96      2001
 MINIMUM TEMPERATURE (F)   52        42      2010


SUNRISE AND SUNSET
MAY  6 2015...........SUNRISE   600 AM PDT   SUNSET   750 PM PDT
MAY  7 2015...........SUNRISE   559 AM PDT   SUNSET   751 PM PDT


-  INDICATES NEGATIVE NUMBERS.
R  INDICATES RECORD WAS SET OR TIED.
MM INDICATES DATA IS MISSING.
T  INDICATES TRACE AMOUNT.




$$
