000
CDHW40 PHFO 281245
CLIHNL


CLIMATE REPORT
NATIONAL WEATHER SERVICE HONOLULU HI
245 AM HST TUE APR 28 2015


...................................

...THE HONOLULU HI CLIMATE SUMMARY FOR APRIL 27 2015...

CLIMATE NORMAL PERIOD 1981 TO 2010
CLIMATE RECORD PERIOD 1946 TO 2015


WEATHER ITEM   OBSERVED TIME   RECORD YEAR NORMAL DEPARTURE LAST
                VALUE   (LST)  VALUE       VALUE  FROM      YEAR
                                                  NORMAL
..................................................................
TEMPERATURE (F)
 YESTERDAY
  MAXIMUM         78    246 PM  88    2008  83     -5       82
  MINIMUM         69    730 AM  60    1979  70     -1       72
  AVERAGE         74                        76     -2       77

PRECIPITATION (IN)
  YESTERDAY        0.00          0.45 1950   0.01  -0.01     0.04
  MONTH TO DATE    0.36                      0.58  -0.22     0.26
  SINCE MAR 1      0.98                      2.60  -1.62     2.87
  SINCE JAN 1      2.78                      6.90  -4.12     6.55

SNOWFALL (IN)
  YESTERDAY        0.0
  MONTH TO DATE    0.0
  SINCE MAR 1      0.0
  SINCE JUL 1      0.0
  SNOW DEPTH       0

DEGREE DAYS
 HEATING
  YESTERDAY        0                         0      0        0
  MONTH TO DATE    0                         0      0        0
  SINCE MAR 1      0                         0      0        0
  SINCE JUL 1      0                         0      0        0

 COOLING
  YESTERDAY        9                        11     -2       12
  MONTH TO DATE  311                       297     14      333
  SINCE MAR 1    587                       590     -3      642
  SINCE JAN 1   1097                      1072     25     1161
..................................................................


WIND (MPH)
  HIGHEST WIND SPEED    26   HIGHEST WIND DIRECTION    NE (40)
  HIGHEST GUST SPEED    35   HIGHEST GUST DIRECTION    NE (40)
  AVERAGE WIND SPEED    12.9


SKY COVER
  POSSIBLE SUNSHINE  MM
  AVERAGE SKY COVER 0.6


WEATHER CONDITIONS
 THE FOLLOWING WEATHER WAS RECORDED YESTERDAY.
  NO SIGNIFICANT WEATHER WAS OBSERVED.


RELATIVE HUMIDITY (PERCENT)
 HIGHEST    90          1000 PM
 LOWEST     58           200 PM
 AVERAGE    74

..........................................................


THE HONOLULU HI CLIMATE NORMALS FOR TODAY
                         NORMAL    RECORD    YEAR
 MAXIMUM TEMPERATURE (F)   83        91      1996
 MINIMUM TEMPERATURE (F)   70        60      1979


SUNRISE AND SUNSET
APRIL 28 2015.........SUNRISE   603 AM HST   SUNSET   656 PM HST
APRIL 29 2015.........SUNRISE   602 AM HST   SUNSET   656 PM HST


-  INDICATES NEGATIVE NUMBERS.
R  INDICATES RECORD WAS SET OR TIED.
MM INDICATES DATA IS MISSING.
T  INDICATES TRACE AMOUNT.




$$
