000
CDUS44 KHGX 060854
CLIHOU

CLIMATE REPORT
NATIONAL WEATHER SERVICE HOUSTON/GALVESTON TX
222 AM CDT WED MAY 6 2015


...................................

...THE HOUSTON INTERCONTINENTAL CLIMATE SUMMARY FOR MAY 5 2015...

CLIMATE NORMAL PERIOD 1981 TO 2010
CLIMATE RECORD PERIOD 1892 TO 2015


WEATHER ITEM   OBSERVED TIME   RECORD YEAR NORMAL DEPARTURE LAST
                VALUE   (LST)  VALUE       VALUE  FROM      YEAR
                                                  NORMAL
..................................................................
TEMPERATURE (F)
 YESTERDAY
  MAXIMUM         82    115 PM  94    1906  84     -2       86
  MINIMUM         63    154 AM  49    1970  65     -2       59
  AVERAGE         73                        74     -1       73

PRECIPITATION (IN)
  YESTERDAY        0.13          3.60 1912   0.17  -0.04     0.00
  MONTH TO DATE    0.13                      0.79  -0.66     0.00
  SINCE MAR 1     12.57                      7.51   5.06     4.01
  SINCE JAN 1     16.40                     14.09   2.31     7.36

DEGREE DAYS
 COOLING
  YESTERDAY        8                         9     -1        8
  MONTH TO DATE   32                        44    -12       29
  SINCE MAR 1    336                       287     49      242
  SINCE JAN 1    346                       325     21      276
..................................................................


WIND (MPH)
  HIGHEST WIND SPEED    31   HIGHEST WIND DIRECTION    SE (130)
  HIGHEST GUST SPEED    39   HIGHEST GUST DIRECTION    SE (150)




RELATIVE HUMIDITY (PERCENT)
 HIGHEST   100
 LOWEST     69
 AVERAGE    85

..........................................................


THE HOUSTON INTERCONTINENTAL CLIMATE NORMALS FOR TODAY
                         NORMAL    RECORD    YEAR
 MAXIMUM TEMPERATURE (F)   84        94      1906
 MINIMUM TEMPERATURE (F)   65        49      2013


SUNRISE AND SUNSET
MAY  6 2015...........SUNRISE   635 AM CDT   SUNSET   802 PM CDT
MAY  7 2015...........SUNRISE   634 AM CDT   SUNSET   802 PM CDT


-  INDICATES NEGATIVE NUMBERS.
R  INDICATES RECORD WAS SET OR TIED.
MM INDICATES DATA IS MISSING.
T  INDICATES TRACE AMOUNT.


&&

...................................

...THE HOUSTON/HOBBY AIRPORT CLIMATE SUMMARY FOR MAY 5 2015...

CLIMATE NORMAL PERIOD 1981 TO 2010
CLIMATE RECORD PERIOD 1930 TO 2015


WEATHER ITEM   OBSERVED TIME   RECORD YEAR NORMAL DEPARTURE LAST
                VALUE   (LST)  VALUE       VALUE  FROM      YEAR
                                                  NORMAL
..................................................................
TEMPERATURE (F)
 YESTERDAY
  MAXIMUM         83    242 PM  94    1947  83      0       83
  MINIMUM         68    255 AM  50    1944  66      2       60
  AVERAGE         76                        75      1       72

PRECIPITATION (IN)
  YESTERDAY        0.02          1.63 1935   0.15  -0.13     0.00
  MONTH TO DATE    0.02                      0.71  -0.69     0.00
  SINCE MAR 1     14.60                      7.16   7.44     3.85
  SINCE JAN 1     20.48                     14.24   6.24     6.47

DEGREE DAYS
 COOLING
  YESTERDAY       11                        10      1        7
  MONTH TO DATE   38                        46     -8       22
  SINCE MAR 1    361                       288     73      237
  SINCE JAN 1    371                       326     45      276
..................................................................


WIND (MPH)
  HIGHEST WIND SPEED    22   HIGHEST WIND DIRECTION    SE (140)
  HIGHEST GUST SPEED    33   HIGHEST GUST DIRECTION    SE (150)




RELATIVE HUMIDITY (PERCENT)
 HIGHEST    97
 LOWEST     63
 AVERAGE    80

..........................................................


THE HOUSTON/HOBBY AIRPORT CLIMATE NORMALS FOR TODAY
                         NORMAL    RECORD    YEAR
 MAXIMUM TEMPERATURE (F)   83        94      1947
 MINIMUM TEMPERATURE (F)   66        51      2013


SUNRISE AND SUNSET
MAY  6 2015...........SUNRISE   635 AM CDT   SUNSET   801 PM CDT
MAY  7 2015...........SUNRISE   634 AM CDT   SUNSET   802 PM CDT


-  INDICATES NEGATIVE NUMBERS.
R  INDICATES RECORD WAS SET OR TIED.
MM INDICATES DATA IS MISSING.
T  INDICATES TRACE AMOUNT.




$$
