000
CDUS44 KLZK 042104
CLIHRO


CLIMATE REPORT
NATIONAL WEATHER SERVICE LITTLE ROCK AR
404 PM CDT MON MAY 4 2015


...................................

...THE HARRISON CLIMATE SUMMARY FOR MAY 4 2015...
VALID TODAY AS OF 0400 PM LOCAL TIME.

CLIMATE NORMAL PERIOD 1981 TO 2010
CLIMATE RECORD PERIOD 1891 TO 2015


WEATHER ITEM   OBSERVED TIME   RECORD YEAR NORMAL DEPARTURE LAST
                VALUE   (LST)  VALUE       VALUE  FROM      YEAR
                                                  NORMAL
..................................................................
TEMPERATURE (F)
 TODAY
  MAXIMUM         81    258 PM  92    2014  73      8       92
  MINIMUM         58    535 AM  30    1907  52      6       59
  AVERAGE         70                        63      7       76

PRECIPITATION (IN)
  TODAY            T             3.35 1920   0.17  -0.17     0.00
  MONTH TO DATE    T                         0.68  -0.68     0.00
  SINCE MAR 1      8.70                      8.79  -0.09     8.99
  SINCE JAN 1     12.24                     13.99  -1.75    10.94

SNOWFALL (IN)
  TODAY            0.0          MM      MM   0.0    0.0      0.0
  MONTH TO DATE    0.0                       0.0    0.0      0.0
  SINCE MAR 1      4.3                       2.3    2.0     10.0
  SINCE JUL 1     13.6                      11.5    2.1     25.8
  SNOW DEPTH       0

DEGREE DAYS
 HEATING
  TODAY            0                         4     -4        0
  MONTH TO DATE   10                        16     -6       26
  SINCE MAR 1    713                       765    -52      857
  SINCE JUL 1   4108                      3937    171     4392

 COOLING
  TODAY            5                         2      3       11
  MONTH TO DATE    6                         8     -2       11
  SINCE MAR 1     31                        45    -14       29
  SINCE JAN 1     31                        45    -14       29
..................................................................


WIND (MPH)
  HIGHEST WIND SPEED    18   HIGHEST WIND DIRECTION     S (160)
  HIGHEST GUST SPEED    21   HIGHEST GUST DIRECTION     S (170)
  AVERAGE WIND SPEED     7.1


SKY COVER
  POSSIBLE SUNSHINE  MM
  AVERAGE SKY COVER 0.1


WEATHER CONDITIONS
 THE FOLLOWING WEATHER WAS RECORDED TODAY.
  LIGHT RAIN


RELATIVE HUMIDITY (PERCENT)
 HIGHEST    87           600 AM
 LOWEST     42           200 PM
 AVERAGE    65

..........................................................


THE HARRISON CLIMATE NORMALS FOR TOMORROW
                         NORMAL    RECORD    YEAR
 MAXIMUM TEMPERATURE (F)   74        91      2014
                                             1952
 MINIMUM TEMPERATURE (F)   53        30      1947


SUNRISE AND SUNSET
MAY  4 2015...........SUNRISE   617 AM CDT   SUNSET   803 PM CDT
MAY  5 2015...........SUNRISE   616 AM CDT   SUNSET   804 PM CDT


-  INDICATES NEGATIVE NUMBERS.
R  INDICATES RECORD WAS SET OR TIED.
MM INDICATES DATA IS MISSING.
T  INDICATES TRACE AMOUNT.




$$
